Last updated on 2023-01-31 07:54:05 CET.
Flavor | Version | Tinstall | Tcheck | Ttotal | Status | Flags |
---|---|---|---|---|---|---|
r-devel-linux-x86_64-debian-clang | 0.1.15 | 13.99 | 102.53 | 116.52 | NOTE | |
r-devel-linux-x86_64-debian-gcc | 0.1.15 | 10.68 | 72.84 | 83.52 | NOTE | |
r-devel-linux-x86_64-fedora-clang | 0.1.15 | 143.02 | NOTE | |||
r-devel-linux-x86_64-fedora-gcc | 0.1.15 | 146.88 | NOTE | |||
r-devel-windows-x86_64 | 0.1.15 | 33.00 | 121.00 | 154.00 | NOTE | |
r-patched-linux-x86_64 | 0.1.15 | 12.26 | 102.32 | 114.58 | NOTE | |
r-release-linux-x86_64 | 0.1.15 | 12.13 | 100.85 | 112.98 | NOTE | |
r-release-macos-arm64 | 0.1.15 | 41.00 | NOTE | |||
r-release-macos-x86_64 | 0.1.15 | 68.00 | NOTE | |||
r-release-windows-x86_64 | 0.1.15 | 25.00 | 141.00 | 166.00 | NOTE | |
r-oldrel-macos-arm64 | 0.1.15 | 51.00 | NOTE | |||
r-oldrel-macos-x86_64 | 0.1.15 | 78.00 | NOTE | |||
r-oldrel-windows-ix86+x86_64 | 0.1.15 | 37.00 | 134.00 | 171.00 | NOTE |
Version: 0.1.15
Check: LazyData
Result: NOTE
'LazyData' is specified without a 'data' directory
Flavors: r-devel-linux-x86_64-debian-clang, r-devel-linux-x86_64-debian-gcc, r-devel-linux-x86_64-fedora-clang, r-devel-linux-x86_64-fedora-gcc, r-devel-windows-x86_64, r-patched-linux-x86_64, r-release-linux-x86_64, r-release-macos-arm64, r-release-macos-x86_64, r-release-windows-x86_64, r-oldrel-macos-arm64, r-oldrel-macos-x86_64, r-oldrel-windows-ix86+x86_64
Version: 0.1.15
Check: dependencies in R code
Result: NOTE
Namespace in Imports field not imported from: ‘DT’
All declared Imports should be used.
Flavors: r-devel-linux-x86_64-fedora-clang, r-devel-linux-x86_64-fedora-gcc, r-release-macos-arm64, r-release-macos-x86_64, r-oldrel-macos-arm64, r-oldrel-macos-x86_64