Last updated on 2023-01-30 09:54:05 CET.
Flavor | Version | Tinstall | Tcheck | Ttotal | Status | Flags |
---|---|---|---|---|---|---|
r-devel-linux-x86_64-debian-clang | 1.3.1 | 90.30 | 27.65 | 117.95 | OK | |
r-devel-linux-x86_64-debian-gcc | 1.3.1 | 66.34 | 21.88 | 88.22 | NOTE | |
r-devel-linux-x86_64-fedora-clang | 1.3.1 | 180.43 | NOTE | |||
r-devel-linux-x86_64-fedora-gcc | 1.3.1 | 156.02 | NOTE | |||
r-devel-windows-x86_64 | 1.3.1 | 81.00 | 77.00 | 158.00 | NOTE | |
r-patched-linux-x86_64 | 1.3.1 | 70.33 | 27.99 | 98.32 | OK | |
r-release-linux-x86_64 | 1.3.1 | 75.17 | 27.47 | 102.64 | OK | |
r-release-macos-arm64 | 1.3.1 | 42.00 | OK | |||
r-release-macos-x86_64 | 1.3.1 | 57.00 | OK | |||
r-release-windows-x86_64 | 1.3.1 | 82.00 | 88.00 | 170.00 | OK | |
r-oldrel-macos-arm64 | 1.3.1 | 40.00 | OK | |||
r-oldrel-macos-x86_64 | 1.3.1 | 57.00 | OK | |||
r-oldrel-windows-ix86+x86_64 | 1.3.1 | 226.00 | 78.00 | 304.00 | OK |
Version: 1.3.1
Check: C++ specification
Result: NOTE
Specified C++11: please update to current default of C++17
Flavors: r-devel-linux-x86_64-debian-gcc, r-devel-linux-x86_64-fedora-clang, r-devel-linux-x86_64-fedora-gcc, r-devel-windows-x86_64