Last updated on 2023-02-07 07:53:54 CET.
Flavor | Version | Tinstall | Tcheck | Ttotal | Status | Flags |
---|---|---|---|---|---|---|
r-devel-linux-x86_64-debian-clang | 1.0.0 | 45.35 | 212.96 | 258.31 | OK | |
r-devel-linux-x86_64-debian-gcc | 1.0.0 | 36.76 | 173.83 | 210.59 | OK | |
r-devel-linux-x86_64-fedora-clang | 1.0.0 | 354.62 | OK | |||
r-devel-linux-x86_64-fedora-gcc | 1.0.0 | 362.26 | OK | |||
r-devel-windows-x86_64 | 1.0.0 | 55.00 | 422.00 | 477.00 | OK | |
r-patched-linux-x86_64 | 1.0.0 | 34.65 | 217.71 | 252.36 | OK | |
r-release-linux-x86_64 | 1.0.0 | 39.71 | 219.87 | 259.58 | OK | |
r-release-macos-arm64 | 1.0.0 | 403.00 | NOTE | |||
r-release-macos-x86_64 | 1.0.0 | 325.00 | NOTE | |||
r-release-windows-x86_64 | 1.0.0 | 48.00 | 443.00 | 491.00 | OK | |
r-oldrel-macos-arm64 | 1.0.0 | 223.00 | NOTE | |||
r-oldrel-macos-x86_64 | 1.0.0 | 322.00 | NOTE | |||
r-oldrel-windows-ix86+x86_64 | 1.0.0 | 113.00 | 391.00 | 504.00 | NOTE |
Version: 1.0.0
Check: package dependencies
Result: NOTE
Package suggested but not available for checking: ‘Biostrings’
Flavor: r-release-macos-arm64
Version: 1.0.0
Check: installed package size
Result: NOTE
installed size is 6.3Mb
sub-directories of 1Mb or more:
extdata 2.3Mb
libs 3.5Mb
Flavors: r-release-macos-arm64, r-release-macos-x86_64, r-oldrel-macos-arm64, r-oldrel-macos-x86_64, r-oldrel-windows-ix86+x86_64