CRAN Package Check Results for Package bayestestR

Last updated on 2022-12-09 07:53:15 CET.

Flavor Version Tinstall Tcheck Ttotal Status Flags
r-devel-linux-x86_64-debian-clang 0.13.0 15.29 181.55 196.84 OK
r-devel-linux-x86_64-debian-gcc 0.13.0 11.15 164.75 175.90 OK
r-devel-linux-x86_64-fedora-clang 0.13.0 310.30 OK
r-devel-linux-x86_64-fedora-gcc 0.13.0 320.25 OK
r-devel-windows-x86_64 0.13.0 134.00 321.00 455.00 OK
r-patched-linux-x86_64 0.13.0 17.64 170.88 188.52 OK
r-release-linux-x86_64 0.13.0 10.66 165.34 176.00 NOTE
r-release-macos-arm64 0.13.0 82.00 OK
r-release-macos-x86_64 0.13.0 93.00 OK
r-release-windows-x86_64 0.13.0 228.00 219.00 447.00 OK
r-oldrel-macos-arm64 0.13.0 76.00 OK
r-oldrel-macos-x86_64 0.13.0 102.00 OK
r-oldrel-windows-ix86+x86_64 0.13.0 23.00 230.00 253.00 OK

Check Details

Version: 0.13.0
Check: package dependencies
Result: NOTE
    Package suggested but not available for checking: ‘blavaan’
Flavor: r-release-linux-x86_64