Last updated on 2023-02-08 06:56:18 CET.
Flavor | Version | Tinstall | Tcheck | Ttotal | Status | Flags |
---|---|---|---|---|---|---|
r-devel-linux-x86_64-debian-clang | 3.1-5 | 697.65 | 468.54 | 1166.19 | OK | |
r-devel-linux-x86_64-debian-gcc | 3.1-5 | 507.93 | 327.47 | 835.40 | WARN | |
r-devel-linux-x86_64-fedora-clang | 3.1-5 | 1600.01 | NOTE | |||
r-devel-linux-x86_64-fedora-gcc | 3.1-5 | 1477.25 | WARN | |||
r-devel-windows-x86_64 | 3.1-5 | 630.00 | 566.00 | 1196.00 | NOTE | |
r-patched-linux-x86_64 | 3.1-5 | 528.03 | 423.56 | 951.59 | OK | |
r-release-linux-x86_64 | 3.1-5 | 534.15 | 435.07 | 969.22 | OK | |
r-release-macos-arm64 | 3.1-5 | 313.00 | NOTE | |||
r-release-macos-x86_64 | 3.1-5 | 575.00 | NOTE | |||
r-release-windows-x86_64 | 3.1-5 | 462.00 | 574.00 | 1036.00 | NOTE | |
r-oldrel-macos-arm64 | 3.1-5 | 304.00 | NOTE | |||
r-oldrel-macos-x86_64 | 3.1-5 | 416.00 | NOTE | |||
r-oldrel-windows-ix86+x86_64 | 3.1-5 | 1538.00 | 628.00 | 2166.00 | NOTE |
Version: 3.1-5
Check: whether package can be installed
Result: WARN
Found the following significant warnings:
/usr/include/x86_64-linux-gnu/bits/string_fortified.h:59:33: warning: ‘void* __builtin_memset(void*, int, long unsigned int)’ forming offset [112, 115] is out of the bounds [0, 112] of object ‘cbetaAllRow’ with type ‘arma::uvec’ {aka ‘arma::Col<unsigned int>’} [-Warray-bounds]
See ‘/home/hornik/tmp/R.check/r-devel-gcc/Work/PKGS/bayesm.Rcheck/00install.out’ for details.
* used C++ compiler: ‘g++-12 (Debian 12.2.0-14) 12.2.0’
Flavor: r-devel-linux-x86_64-debian-gcc
Version: 3.1-5
Check: installed package size
Result: NOTE
installed size is 6.1Mb
sub-directories of 1Mb or more:
doc 2.9Mb
libs 1.6Mb
Flavors: r-devel-linux-x86_64-fedora-clang, r-devel-windows-x86_64, r-release-macos-arm64, r-release-macos-x86_64, r-release-windows-x86_64, r-oldrel-macos-arm64, r-oldrel-macos-x86_64, r-oldrel-windows-ix86+x86_64
Version: 3.1-5
Check: whether package can be installed
Result: WARN
Found the following significant warnings:
/usr/include/bits/string_fortified.h:59:33: warning: ‘void* __builtin_memset(void*, int, long unsigned int)’ forming offset [112, 115] is out of the bounds [0, 112] of object ‘cbetaAllRow’ with type ‘arma::uvec’ {aka ‘arma::Col<unsigned int>’} [-Warray-bounds]
See ‘/data/gannet/ripley/R/packages/tests-devel/bayesm.Rcheck/00install.out’ for details.
* used C++ compiler: ‘g++ (GCC) 12.2.1 20221121 (Red Hat 12.2.1-4)’
Flavor: r-devel-linux-x86_64-fedora-gcc