Last updated on 2023-09-25 08:02:22 CEST.
Flavor | Version | Tinstall | Tcheck | Ttotal | Status | Flags |
---|---|---|---|---|---|---|
r-devel-linux-x86_64-debian-clang | 3.1-5 | 686.15 | 464.82 | 1150.97 | OK | |
r-devel-linux-x86_64-debian-gcc | 3.1-6 | 453.74 | 328.61 | 782.35 | OK | |
r-devel-linux-x86_64-fedora-clang | 3.1-6 | 1750.69 | NOTE | |||
r-devel-linux-x86_64-fedora-gcc | 3.1-6 | 1571.06 | OK | |||
r-devel-windows-x86_64 | 3.1-6 | 336.00 | 396.00 | 732.00 | NOTE | |
r-patched-linux-x86_64 | 3.1-5 | 646.33 | 454.53 | 1100.86 | WARN | |
r-release-linux-x86_64 | 3.1-5 | 633.84 | 445.62 | 1079.46 | WARN | |
r-release-macos-arm64 | 3.1-5 | 373.00 | NOTE | |||
r-release-macos-x86_64 | 3.1-6 | 594.00 | NOTE | |||
r-release-windows-x86_64 | 3.1-6 | 380.00 | 341.00 | 721.00 | NOTE | |
r-oldrel-macos-arm64 | 320.00 | NOTE | ||||
r-oldrel-macos-x86_64 | 3.1-5 | 575.00 | NOTE | |||
r-oldrel-windows-x86_64 | 3.1-6 | 397.00 | 453.00 | 850.00 | NOTE |
Version: 3.1-6
Check: installed package size
Result: NOTE
installed size is 5.9Mb
sub-directories of 1Mb or more:
doc 2.9Mb
libs 1.4Mb
Flavors: r-devel-linux-x86_64-fedora-clang, r-devel-windows-x86_64, r-release-macos-x86_64, r-release-windows-x86_64, r-oldrel-macos-arm64, r-oldrel-windows-x86_64
Version: 3.1-5
Check: whether package can be installed
Result: WARN
Found the following significant warnings:
/usr/include/x86_64-linux-gnu/bits/string_fortified.h:59:33: warning: ‘void* __builtin_memset(void*, int, long unsigned int)’ forming offset [112, 115] is out of the bounds [0, 112] of object ‘cbetaAllRow’ with type ‘arma::uvec’ {aka ‘arma::Col<unsigned int>’} [-Warray-bounds]
See ‘/home/hornik/tmp/R.check/r-patched-gcc/Work/PKGS/bayesm.Rcheck/00install.out’ for details.
* used C++ compiler: ‘g++-12 (Debian 12.3.0-9) 12.3.0’
Flavor: r-patched-linux-x86_64
Version: 3.1-5
Check: whether package can be installed
Result: WARN
Found the following significant warnings:
/usr/include/x86_64-linux-gnu/bits/string_fortified.h:59:33: warning: ‘void* __builtin_memset(void*, int, long unsigned int)’ forming offset [112, 115] is out of the bounds [0, 112] of object ‘cbetaAllRow’ with type ‘arma::uvec’ {aka ‘arma::Col<unsigned int>’} [-Warray-bounds]
See ‘/home/hornik/tmp/R.check/r-release-gcc/Work/PKGS/bayesm.Rcheck/00install.out’ for details.
* used C++ compiler: ‘g++-12 (Debian 12.3.0-9) 12.3.0’
Flavor: r-release-linux-x86_64
Version: 3.1-5
Check: installed package size
Result: NOTE
installed size is 27.3Mb
sub-directories of 1Mb or more:
doc 2.8Mb
libs 22.9Mb
Flavors: r-release-macos-arm64, r-oldrel-macos-x86_64