CRAN Package Check Results for Package bayeslm

Last updated on 2023-02-06 06:51:49 CET.

Flavor Version Tinstall Tcheck Ttotal Status Flags
r-devel-linux-x86_64-debian-clang 1.0.1 239.18 60.55 299.73 NOTE
r-devel-linux-x86_64-debian-gcc 1.0.1 177.77 43.19 220.96 NOTE
r-devel-linux-x86_64-fedora-clang 1.0.1 420.83 NOTE
r-devel-linux-x86_64-fedora-gcc 1.0.1 392.03 NOTE
r-devel-windows-x86_64 1.0.1 181.00 135.00 316.00 NOTE
r-patched-linux-x86_64 1.0.1 174.39 57.03 231.42 NOTE
r-release-linux-x86_64 1.0.1 182.81 57.62 240.43 NOTE
r-release-macos-arm64 1.0.1 108.00 NOTE
r-release-macos-x86_64 1.0.1 140.00 NOTE
r-release-windows-x86_64 1.0.1 262.00 144.00 406.00 NOTE
r-oldrel-macos-arm64 1.0.1 102.00 NOTE
r-oldrel-macos-x86_64 1.0.1 143.00 NOTE
r-oldrel-windows-ix86+x86_64 1.0.1 550.00 161.00 711.00 NOTE

Check Details

Version: 1.0.1
Check: C++ specification
Result: NOTE
     Specified C++11: please update to current default of C++17
Flavors: r-devel-linux-x86_64-debian-clang, r-devel-linux-x86_64-debian-gcc, r-devel-linux-x86_64-fedora-clang, r-devel-linux-x86_64-fedora-gcc, r-devel-windows-x86_64

Version: 1.0.1
Check: for GNU extensions in Makefiles
Result: NOTE
    GNU make is a SystemRequirements.
Flavors: r-devel-linux-x86_64-debian-clang, r-devel-linux-x86_64-debian-gcc, r-devel-linux-x86_64-fedora-clang, r-devel-linux-x86_64-fedora-gcc, r-devel-windows-x86_64, r-patched-linux-x86_64, r-release-linux-x86_64, r-release-macos-arm64, r-release-macos-x86_64, r-release-windows-x86_64, r-oldrel-macos-arm64, r-oldrel-macos-x86_64, r-oldrel-windows-ix86+x86_64

Version: 1.0.1
Check: installed package size
Result: NOTE
     installed size is 8.8Mb
     sub-directories of 1Mb or more:
     libs 8.6Mb
Flavors: r-release-macos-arm64, r-release-macos-x86_64, r-oldrel-macos-arm64, r-oldrel-macos-x86_64