CRAN Package Check Results for Package bayesdistreg

Last updated on 2023-01-27 07:50:27 CET.

Flavor Version Tinstall Tcheck Ttotal Status Flags
r-devel-linux-x86_64-debian-clang 0.1.0 2.87 39.54 42.41 NOTE
r-devel-linux-x86_64-debian-gcc 0.1.0 1.61 28.92 30.53 NOTE
r-devel-linux-x86_64-fedora-clang 0.1.0 56.19 NOTE
r-devel-linux-x86_64-fedora-gcc 0.1.0 51.03 NOTE
r-devel-windows-x86_64 0.1.0 39.00 81.00 120.00 NOTE
r-patched-linux-x86_64 0.1.0 3.08 37.75 40.83 NOTE
r-release-linux-x86_64 0.1.0 2.38 38.08 40.46 NOTE
r-release-macos-arm64 0.1.0 21.00 NOTE
r-release-macos-x86_64 0.1.0 29.00 NOTE
r-release-windows-x86_64 0.1.0 24.00 77.00 101.00 NOTE
r-oldrel-macos-arm64 0.1.0 27.00 NOTE
r-oldrel-macos-x86_64 0.1.0 40.00 NOTE
r-oldrel-windows-ix86+x86_64 0.1.0 7.00 76.00 83.00 NOTE

Check Details

Version: 0.1.0
Check: package subdirectories
Result: NOTE
    Problems with news in ‘NEWS.md’:
    No news entries found.
Flavors: r-devel-linux-x86_64-debian-clang, r-devel-linux-x86_64-debian-gcc, r-devel-linux-x86_64-fedora-clang, r-devel-linux-x86_64-fedora-gcc, r-devel-windows-x86_64

Version: 0.1.0
Check: LazyData
Result: NOTE
     'LazyData' is specified without a 'data' directory
Flavors: r-devel-linux-x86_64-debian-clang, r-devel-linux-x86_64-debian-gcc, r-devel-linux-x86_64-fedora-clang, r-devel-linux-x86_64-fedora-gcc, r-devel-windows-x86_64, r-patched-linux-x86_64, r-release-linux-x86_64, r-release-macos-arm64, r-release-macos-x86_64, r-release-windows-x86_64, r-oldrel-macos-arm64, r-oldrel-macos-x86_64, r-oldrel-windows-ix86+x86_64