CRAN Package Check Results for Package bayescopulareg

Last updated on 2024-03-01 07:52:38 CET.

Flavor Version Tinstall Tcheck Ttotal Status Flags
r-devel-linux-x86_64-debian-clang 0.1.3 207.98 31.35 239.33 NOTE
r-devel-linux-x86_64-debian-gcc 0.1.3 169.40 24.01 193.41 NOTE
r-devel-linux-x86_64-fedora-clang 0.1.3 388.52 NOTE
r-devel-linux-x86_64-fedora-gcc 0.1.3 382.57 NOTE
r-devel-windows-x86_64 0.1.3 164.00 69.00 233.00 NOTE
r-patched-linux-x86_64 0.1.3 217.72 30.36 248.08 NOTE
r-release-linux-x86_64 0.1.3 217.55 30.40 247.95 NOTE
r-release-macos-arm64 0.1.3 79.00 NOTE
r-release-macos-x86_64 0.1.3 138.00 NOTE
r-release-windows-x86_64 0.1.3 207.00 75.00 282.00 NOTE
r-oldrel-macos-arm64 0.1.3 70.00 NOTE
r-oldrel-windows-x86_64 0.1.3 206.00 99.00 305.00 OK

Check Details

Version: 0.1.3
Check: C++ specification
Result: NOTE Specified C++11: please drop specification unless essential Flavors: r-devel-linux-x86_64-debian-clang, r-devel-linux-x86_64-debian-gcc, r-devel-linux-x86_64-fedora-clang, r-devel-linux-x86_64-fedora-gcc, r-devel-windows-x86_64, r-patched-linux-x86_64, r-release-linux-x86_64, r-release-macos-arm64, r-release-macos-x86_64, r-release-windows-x86_64

Version: 0.1.3
Check: installed package size
Result: NOTE installed size is 6.4Mb sub-directories of 1Mb or more: libs 6.3Mb Flavors: r-release-macos-arm64, r-release-macos-x86_64, r-oldrel-macos-arm64