Last updated on 2023-02-07 07:53:54 CET.
Flavor | Version | Tinstall | Tcheck | Ttotal | Status | Flags |
---|---|---|---|---|---|---|
r-devel-linux-x86_64-debian-clang | 0.1.3 | 217.69 | 31.63 | 249.32 | NOTE | |
r-devel-linux-x86_64-debian-gcc | 0.1.3 | 161.47 | 24.57 | 186.04 | NOTE | |
r-devel-linux-x86_64-fedora-clang | 0.1.3 | 384.15 | NOTE | |||
r-devel-linux-x86_64-fedora-gcc | 0.1.3 | 329.99 | NOTE | |||
r-devel-windows-x86_64 | 0.1.3 | 164.00 | 80.00 | 244.00 | NOTE | |
r-patched-linux-x86_64 | 0.1.3 | 172.20 | 29.95 | 202.15 | OK | |
r-release-linux-x86_64 | 0.1.3 | 180.40 | 31.00 | 211.40 | OK | |
r-release-macos-arm64 | 0.1.3 | 71.00 | NOTE | |||
r-release-macos-x86_64 | 0.1.3 | 98.00 | NOTE | |||
r-release-windows-x86_64 | 0.1.3 | 255.00 | 90.00 | 345.00 | OK | |
r-oldrel-macos-arm64 | 0.1.3 | 75.00 | NOTE | |||
r-oldrel-macos-x86_64 | 0.1.3 | 144.00 | NOTE | |||
r-oldrel-windows-ix86+x86_64 | 0.1.3 | 527.00 | 86.00 | 613.00 | OK |
Version: 0.1.3
Check: C++ specification
Result: NOTE
Specified C++11: please update to current default of C++17
Flavors: r-devel-linux-x86_64-debian-clang, r-devel-linux-x86_64-debian-gcc, r-devel-linux-x86_64-fedora-clang, r-devel-linux-x86_64-fedora-gcc, r-devel-windows-x86_64
Version: 0.1.3
Check: installed package size
Result: NOTE
installed size is 6.4Mb
sub-directories of 1Mb or more:
libs 6.3Mb
Flavors: r-release-macos-arm64, r-release-macos-x86_64, r-oldrel-macos-arm64, r-oldrel-macos-x86_64