Last updated on 2023-02-08 06:56:18 CET.
Flavor | Version | Tinstall | Tcheck | Ttotal | Status | Flags |
---|---|---|---|---|---|---|
r-devel-linux-x86_64-debian-clang | 0.0.1.0 | 140.64 | 198.87 | 339.51 | NOTE | |
r-devel-linux-x86_64-debian-gcc | 0.0.1.0 | 119.42 | 153.38 | 272.80 | NOTE | |
r-devel-linux-x86_64-fedora-clang | 0.0.1.0 | 434.11 | NOTE | |||
r-devel-linux-x86_64-fedora-gcc | 0.0.1.0 | 466.17 | NOTE | |||
r-devel-windows-x86_64 | 0.0.1.0 | 262.00 | 298.00 | 560.00 | NOTE | |
r-patched-linux-x86_64 | 0.0.1.0 | 139.25 | 200.15 | 339.40 | NOTE | |
r-release-linux-x86_64 | 0.0.1.0 | 122.78 | 206.74 | 329.52 | NOTE | |
r-release-macos-arm64 | 0.0.1.0 | 127.00 | NOTE | |||
r-release-macos-x86_64 | 0.0.1.0 | 264.00 | NOTE | |||
r-release-windows-x86_64 | 0.0.1.0 | 139.00 | 308.00 | 447.00 | NOTE | |
r-oldrel-macos-arm64 | 0.0.1.0 | 176.00 | NOTE | |||
r-oldrel-macos-x86_64 | 0.0.1.0 | 155.00 | NOTE | |||
r-oldrel-windows-ix86+x86_64 | 0.0.1.0 | 326.00 | 496.00 | 822.00 | NOTE |
Version: 0.0.1.0
Check: C++ specification
Result: NOTE
Specified C++14: please update to current default of C++17
Flavors: r-devel-linux-x86_64-debian-clang, r-devel-windows-x86_64
Version: 0.0.1.0
Check: for GNU extensions in Makefiles
Result: NOTE
GNU make is a SystemRequirements.
Flavors: r-devel-linux-x86_64-debian-clang, r-devel-linux-x86_64-debian-gcc, r-devel-linux-x86_64-fedora-clang, r-devel-linux-x86_64-fedora-gcc, r-devel-windows-x86_64, r-patched-linux-x86_64, r-release-linux-x86_64, r-release-macos-arm64, r-release-macos-x86_64, r-release-windows-x86_64, r-oldrel-macos-arm64, r-oldrel-macos-x86_64, r-oldrel-windows-ix86+x86_64
Version: 0.0.1.0
Check: C++ specification
Result: NOTE
Specified C++14: please drop specification unless essential
Flavors: r-devel-linux-x86_64-debian-gcc, r-devel-linux-x86_64-fedora-clang, r-devel-linux-x86_64-fedora-gcc
Version: 0.0.1.0
Check: dependencies in R code
Result: NOTE
Namespaces in Imports field not imported from:
‘magrittr’ ‘rstantools’
All declared Imports should be used.
Flavors: r-devel-linux-x86_64-fedora-clang, r-devel-linux-x86_64-fedora-gcc, r-release-macos-arm64, r-release-macos-x86_64, r-oldrel-macos-arm64, r-oldrel-macos-x86_64
Version: 0.0.1.0
Check: installed package size
Result: NOTE
installed size is 41.5Mb
sub-directories of 1Mb or more:
libs 39.4Mb
Flavors: r-release-macos-arm64, r-release-macos-x86_64, r-oldrel-macos-arm64, r-oldrel-macos-x86_64, r-oldrel-windows-ix86+x86_64