Last updated on 2023-01-27 07:50:27 CET.
Flavor | Version | Tinstall | Tcheck | Ttotal | Status | Flags |
---|---|---|---|---|---|---|
r-devel-linux-x86_64-debian-clang | 3.6 | 131.95 | 131.18 | 263.13 | OK | |
r-devel-linux-x86_64-debian-gcc | 3.6 | 125.84 | 98.01 | 223.85 | OK | |
r-devel-linux-x86_64-fedora-clang | 3.6 | 466.09 | NOTE | |||
r-devel-linux-x86_64-fedora-gcc | 3.6 | 331.24 | OK | |||
r-devel-windows-x86_64 | 3.6 | 194.00 | 183.00 | 377.00 | OK | |
r-patched-linux-x86_64 | 3.6 | 119.34 | 119.56 | 238.90 | OK | |
r-release-linux-x86_64 | 3.6 | 128.21 | 116.84 | 245.05 | OK | |
r-release-macos-arm64 | 3.6 | 97.00 | NOTE | |||
r-release-macos-x86_64 | 3.6 | 115.00 | NOTE | |||
r-release-windows-x86_64 | 3.6 | 177.00 | 174.00 | 351.00 | OK | |
r-oldrel-macos-arm64 | 3.6 | 95.00 | NOTE | |||
r-oldrel-macos-x86_64 | 3.6 | 114.00 | NOTE | |||
r-oldrel-windows-ix86+x86_64 | 3.6 | 306.00 | 171.00 | 477.00 | OK |
Version: 3.6
Check: Rd cross-references
Result: NOTE
Undeclared package ‘mvtnorm’ in Rd xrefs
Flavor: r-devel-linux-x86_64-fedora-clang
Version: 3.6
Check: installed package size
Result: NOTE
installed size is 5.6Mb
sub-directories of 1Mb or more:
libs 4.4Mb
Flavors: r-release-macos-arm64, r-release-macos-x86_64, r-oldrel-macos-arm64, r-oldrel-macos-x86_64