CRAN Package Check Results for Package bayesGAM

Last updated on 2023-02-08 06:56:18 CET.

Flavor Version Tinstall Tcheck Ttotal Status Flags
r-devel-linux-x86_64-debian-clang 0.0.2 600.68 234.80 835.48 NOTE
r-devel-linux-x86_64-debian-gcc 0.0.2 529.50 201.85 731.35 NOTE
r-devel-linux-x86_64-fedora-clang 0.0.2 997.72 NOTE
r-devel-linux-x86_64-fedora-gcc 0.0.2 1152.23 NOTE
r-devel-windows-x86_64 0.0.2 1020.00 331.00 1351.00 NOTE
r-patched-linux-x86_64 0.0.2 457.18 247.80 704.98 NOTE
r-release-linux-x86_64 0.0.2 485.93 240.47 726.40 NOTE
r-release-macos-arm64 0.0.2 312.00 NOTE
r-release-macos-x86_64 0.0.2 492.00 NOTE
r-release-windows-x86_64 0.0.2 451.00 365.00 816.00 NOTE
r-oldrel-macos-arm64 0.0.2 318.00 NOTE
r-oldrel-macos-x86_64 0.0.2 366.00 NOTE
r-oldrel-windows-ix86+x86_64 0.0.2 1254.00 532.00 1786.00 NOTE

Check Details

Version: 0.0.2
Check: C++ specification
Result: NOTE
     Specified C++14: please update to current default of C++17
Flavors: r-devel-linux-x86_64-debian-clang, r-devel-windows-x86_64

Version: 0.0.2
Check: for GNU extensions in Makefiles
Result: NOTE
    GNU make is a SystemRequirements.
Flavors: r-devel-linux-x86_64-debian-clang, r-devel-linux-x86_64-debian-gcc, r-devel-linux-x86_64-fedora-clang, r-devel-linux-x86_64-fedora-gcc, r-devel-windows-x86_64, r-patched-linux-x86_64, r-release-linux-x86_64, r-release-macos-arm64, r-release-macos-x86_64, r-release-windows-x86_64, r-oldrel-macos-arm64, r-oldrel-macos-x86_64, r-oldrel-windows-ix86+x86_64

Version: 0.0.2
Check: C++ specification
Result: NOTE
     Specified C++14: please drop specification unless essential
Flavors: r-devel-linux-x86_64-debian-gcc, r-devel-linux-x86_64-fedora-clang, r-devel-linux-x86_64-fedora-gcc

Version: 0.0.2
Check: installed package size
Result: NOTE
     installed size is 7.4Mb
     sub-directories of 1Mb or more:
     libs 6.3Mb
Flavors: r-devel-linux-x86_64-fedora-clang, r-devel-windows-x86_64, r-release-macos-arm64, r-release-macos-x86_64, r-release-windows-x86_64, r-oldrel-macos-arm64, r-oldrel-macos-x86_64, r-oldrel-windows-ix86+x86_64

Version: 0.0.2
Check: dependencies in R code
Result: NOTE
    Namespaces in Imports field not imported from:
     ‘MASS’ ‘RcppParallel’ ‘mlbench’ ‘rstantools’
     All declared Imports should be used.
Flavors: r-devel-linux-x86_64-fedora-clang, r-devel-linux-x86_64-fedora-gcc, r-release-macos-arm64, r-release-macos-x86_64, r-oldrel-macos-arm64, r-oldrel-macos-x86_64