CRAN Package Check Results for Package batata

Last updated on 2023-02-05 07:57:14 CET.

Flavor Version Tinstall Tcheck Ttotal Status Flags
r-devel-linux-x86_64-debian-clang 0.2.1 2.72 27.43 30.15 NOTE
r-devel-linux-x86_64-debian-gcc 0.2.1 2.03 21.63 23.66 NOTE
r-devel-linux-x86_64-fedora-clang 0.2.1 39.92 NOTE
r-devel-linux-x86_64-fedora-gcc 0.2.1 51.60 NOTE
r-devel-windows-x86_64 0.2.1 16.00 61.00 77.00 NOTE
r-patched-linux-x86_64 0.2.1 1.79 27.93 29.72 NOTE
r-release-linux-x86_64 0.2.1 2.47 28.56 31.03 NOTE
r-release-macos-arm64 0.2.1 18.00 NOTE
r-release-macos-x86_64 0.2.1 30.00 NOTE
r-release-windows-x86_64 0.2.1 16.00 63.00 79.00 NOTE
r-oldrel-macos-arm64 0.2.1 23.00 NOTE
r-oldrel-macos-x86_64 0.2.1 35.00 NOTE
r-oldrel-windows-ix86+x86_64 0.2.1 8.00 64.00 72.00 NOTE

Check Details

Version: 0.2.1
Check: LazyData
Result: NOTE
     'LazyData' is specified without a 'data' directory
Flavors: r-devel-linux-x86_64-debian-clang, r-devel-linux-x86_64-debian-gcc, r-devel-linux-x86_64-fedora-clang, r-devel-linux-x86_64-fedora-gcc, r-devel-windows-x86_64, r-patched-linux-x86_64, r-release-linux-x86_64, r-release-macos-arm64, r-release-macos-x86_64, r-release-windows-x86_64, r-oldrel-macos-arm64, r-oldrel-macos-x86_64, r-oldrel-windows-ix86+x86_64