Last updated on 2023-01-27 07:50:27 CET.
Flavor | Version | Tinstall | Tcheck | Ttotal | Status | Flags |
---|---|---|---|---|---|---|
r-devel-linux-x86_64-debian-clang | 0.1.0 | 31.31 | 104.26 | 135.57 | OK | |
r-devel-linux-x86_64-debian-gcc | 0.1.0 | 22.73 | 70.06 | 92.79 | NOTE | |
r-devel-linux-x86_64-fedora-clang | 0.1.0 | 189.55 | OK | |||
r-devel-linux-x86_64-fedora-gcc | 0.1.0 | 165.06 | NOTE | |||
r-devel-windows-x86_64 | 0.1.0 | 46.00 | 141.00 | 187.00 | OK | |
r-patched-linux-x86_64 | 0.1.0 | 24.70 | 99.00 | 123.70 | OK | |
r-release-linux-x86_64 | 0.1.0 | 26.96 | 99.69 | 126.65 | OK | |
r-release-macos-arm64 | 0.1.0 | 39.00 | OK | |||
r-release-macos-x86_64 | 0.1.0 | 60.00 | OK | |||
r-release-windows-x86_64 | 0.1.0 | 44.00 | 140.00 | 184.00 | OK | |
r-oldrel-macos-arm64 | 0.1.0 | 39.00 | OK | |||
r-oldrel-macos-x86_64 | 0.1.0 | 58.00 | OK | |||
r-oldrel-windows-ix86+x86_64 | 0.1.0 | 78.00 | 235.00 | 313.00 | OK |
Version: 0.1.0
Check: C++ specification
Result: NOTE
Specified C++11: please update to current default of C++17
Flavors: r-devel-linux-x86_64-debian-gcc, r-devel-linux-x86_64-fedora-gcc