Last updated on 2023-02-01 06:56:04 CET.
Flavor | Version | Tinstall | Tcheck | Ttotal | Status | Flags |
---|---|---|---|---|---|---|
r-devel-linux-x86_64-debian-clang | 0.2.1 | 9.01 | 74.43 | 83.44 | OK | |
r-devel-linux-x86_64-debian-gcc | 0.2.1 | 6.89 | 54.86 | 61.75 | OK | |
r-devel-linux-x86_64-fedora-clang | 0.2.1 | 101.32 | NOTE | |||
r-devel-linux-x86_64-fedora-gcc | 0.2.1 | 103.16 | NOTE | |||
r-devel-windows-x86_64 | 0.2.1 | 25.00 | 105.00 | 130.00 | OK | |
r-patched-linux-x86_64 | 0.2.1 | 8.33 | 71.75 | 80.08 | OK | |
r-release-linux-x86_64 | 0.2.1 | 8.62 | 71.44 | 80.06 | OK | |
r-release-macos-arm64 | 0.2.1 | 32.00 | NOTE | |||
r-release-macos-x86_64 | 0.2.1 | 62.00 | NOTE | |||
r-release-windows-x86_64 | 0.2.1 | 32.00 | 115.00 | 147.00 | OK | |
r-oldrel-macos-arm64 | 0.2.1 | 27.00 | NOTE | |||
r-oldrel-macos-x86_64 | 0.2.1 | 40.00 | NOTE | |||
r-oldrel-windows-ix86+x86_64 | 0.2.1 | 23.00 | 99.00 | 122.00 | OK |
Version: 0.2.1
Check: package dependencies
Result: NOTE
Imports includes 21 non-default packages.
Importing from so many packages makes the package vulnerable to any of
them becoming unavailable. Move as many as possible to Suggests and
use conditionally.
Flavor: r-devel-linux-x86_64-fedora-clang
Version: 0.2.1
Check: dependencies in R code
Result: NOTE
Namespaces in Imports field not imported from:
‘Rcpp’ ‘dbplyr’ ‘dotenv’ ‘googleAuthR’ ‘writexl’ ‘xml2’
All declared Imports should be used.
Flavors: r-devel-linux-x86_64-fedora-clang, r-devel-linux-x86_64-fedora-gcc, r-release-macos-arm64, r-release-macos-x86_64, r-oldrel-macos-arm64, r-oldrel-macos-x86_64
Version: 0.2.1
Check: Rd cross-references
Result: NOTE
Undeclared packages ‘jsonlite’, ‘arrow’ in Rd xrefs
Flavor: r-devel-linux-x86_64-fedora-clang