Last updated on 2023-02-04 08:01:06 CET.
Flavor | Version | Tinstall | Tcheck | Ttotal | Status | Flags |
---|---|---|---|---|---|---|
r-devel-linux-x86_64-debian-clang | 1.0 | 14.38 | 126.11 | 140.49 | NOTE | |
r-devel-linux-x86_64-debian-gcc | 1.0 | 10.45 | 93.32 | 103.77 | NOTE | |
r-devel-linux-x86_64-fedora-clang | 1.0 | 176.40 | NOTE | |||
r-devel-linux-x86_64-fedora-gcc | 1.0 | 189.32 | NOTE | |||
r-devel-windows-x86_64 | 1.0 | 21.00 | 147.00 | 168.00 | NOTE | |
r-patched-linux-x86_64 | 1.0 | 13.84 | 123.44 | 137.28 | NOTE | |
r-release-linux-x86_64 | 1.0 | 12.89 | 117.81 | 130.70 | NOTE | |
r-release-macos-arm64 | 1.0 | 58.00 | NOTE | |||
r-release-macos-x86_64 | 1.0 | 84.00 | NOTE | |||
r-release-windows-x86_64 | 1.0 | 20.00 | 173.00 | 193.00 | NOTE | |
r-oldrel-macos-arm64 | 1.0 | 59.00 | NOTE | |||
r-oldrel-macos-x86_64 | 1.0 | 71.00 | NOTE | |||
r-oldrel-windows-ix86+x86_64 | 1.0 | 33.00 | 152.00 | 185.00 | NOTE |
Version: 1.0
Check: LazyData
Result: NOTE
'LazyData' is specified without a 'data' directory
Flavors: r-devel-linux-x86_64-debian-clang, r-devel-linux-x86_64-debian-gcc, r-devel-linux-x86_64-fedora-clang, r-devel-linux-x86_64-fedora-gcc, r-devel-windows-x86_64, r-patched-linux-x86_64, r-release-linux-x86_64, r-release-macos-arm64, r-release-macos-x86_64, r-release-windows-x86_64, r-oldrel-macos-arm64, r-oldrel-macos-x86_64, r-oldrel-windows-ix86+x86_64
Version: 1.0
Check: dependencies in R code
Result: NOTE
Namespace in Imports field not imported from: ‘splines’
All declared Imports should be used.
Flavors: r-devel-linux-x86_64-fedora-clang, r-devel-linux-x86_64-fedora-gcc, r-release-macos-arm64, r-release-macos-x86_64, r-oldrel-macos-arm64, r-oldrel-macos-x86_64