Last updated on 2023-02-09 07:56:42 CET.
Flavor | Version | Tinstall | Tcheck | Ttotal | Status | Flags |
---|---|---|---|---|---|---|
r-devel-linux-x86_64-debian-clang | 0.3.0 | 85.77 | 31.22 | 116.99 | OK | |
r-devel-linux-x86_64-debian-gcc | 0.3.0 | 60.32 | 26.97 | 87.29 | OK | |
r-devel-linux-x86_64-fedora-clang | 0.3.0 | 139.19 | OK | |||
r-devel-linux-x86_64-fedora-gcc | 0.3.0 | 143.05 | OK | |||
r-devel-windows-x86_64 | 0.3.0 | 59.00 | 82.00 | 141.00 | OK | |
r-patched-linux-x86_64 | 0.3.0 | 62.26 | 33.15 | 95.41 | OK | |
r-release-linux-x86_64 | 0.3.0 | 61.80 | 33.02 | 94.82 | OK | |
r-release-macos-arm64 | 0.3.0 | 43.00 | NOTE | |||
r-release-macos-x86_64 | 0.3.0 | 54.00 | NOTE | |||
r-release-windows-x86_64 | 0.3.0 | 80.00 | 95.00 | 175.00 | OK | |
r-oldrel-macos-arm64 | 0.3.0 | 52.00 | NOTE | |||
r-oldrel-macos-x86_64 | 0.3.0 | 58.00 | NOTE | |||
r-oldrel-windows-ix86+x86_64 | 0.3.0 | 152.00 | 87.00 | 239.00 | OK |
Version: 0.3.0
Check: installed package size
Result: NOTE
installed size is 13.6Mb
sub-directories of 1Mb or more:
libs 13.5Mb
Flavors: r-release-macos-arm64, r-release-macos-x86_64, r-oldrel-macos-arm64, r-oldrel-macos-x86_64