Last updated on 2023-03-27 07:50:10 CEST.
Flavor | Version | Tinstall | Tcheck | Ttotal | Status | Flags |
---|---|---|---|---|---|---|
r-devel-linux-x86_64-debian-clang | 1.0.0 | 101.20 | 127.69 | 228.89 | OK | |
r-devel-linux-x86_64-debian-gcc | 1.0.0 | 73.65 | 118.03 | 191.68 | OK | |
r-devel-linux-x86_64-fedora-clang | 1.0.0 | 298.65 | OK | |||
r-devel-linux-x86_64-fedora-gcc | 1.0.0 | 287.38 | OK | |||
r-devel-windows-x86_64 | 1.0.0 | 180.00 | 150.00 | 330.00 | OK | |
r-patched-linux-x86_64 | 1.0.0 | 82.82 | 125.97 | 208.79 | OK | |
r-release-linux-x86_64 | 1.0.0 | 65.11 | 124.26 | 189.37 | OK | |
r-release-macos-arm64 | 1.0.0 | 54.00 | OK | |||
r-release-macos-x86_64 | 1.0.0 | 90.00 | OK | |||
r-release-windows-x86_64 | 1.0.0 | 78.00 | 166.00 | 244.00 | OK | |
r-oldrel-macos-arm64 | 1.0.0 | 63.00 | OK | |||
r-oldrel-macos-x86_64 | 1.0.0 | 94.00 | OK | |||
r-oldrel-windows-ix86+x86_64 | 1.0.0 | 19.00 | 20.00 | 39.00 | ERROR |
Version: 1.0.0
Check: whether package can be installed
Result: ERROR
Installation failed.
Flavor: r-oldrel-windows-ix86+x86_64