Last updated on 2023-03-28 07:52:56 CEST.
Flavor | Version | Tinstall | Tcheck | Ttotal | Status | Flags |
---|---|---|---|---|---|---|
r-devel-linux-x86_64-debian-clang | 1.2.1 | 4.81 | 26.42 | 31.23 | OK | |
r-devel-linux-x86_64-debian-gcc | 1.2.1 | 2.98 | 21.17 | 24.15 | OK | |
r-devel-linux-x86_64-fedora-clang | 1.2.1 | 39.32 | NOTE | |||
r-devel-linux-x86_64-fedora-gcc | 1.2.1 | 38.08 | OK | |||
r-devel-windows-x86_64 | 1.2.1 | 22.00 | 43.00 | 65.00 | NOTE | |
r-patched-linux-x86_64 | 1.2.1 | 3.88 | 25.82 | 29.70 | OK | |
r-release-linux-x86_64 | 1.2.1 | 4.32 | 27.08 | 31.40 | OK | |
r-release-macos-arm64 | 1.2.1 | 23.00 | NOTE | |||
r-release-macos-x86_64 | 1.2.1 | 27.00 | NOTE | |||
r-release-windows-x86_64 | 1.2.1 | 33.00 | 66.00 | 99.00 | NOTE | |
r-oldrel-macos-arm64 | 1.2.1 | 26.00 | NOTE | |||
r-oldrel-macos-x86_64 | 1.2.1 | 27.00 | NOTE | |||
r-oldrel-windows-ix86+x86_64 | 1.2.1 | 16.00 | 67.00 | 83.00 | NOTE |
Version: 1.2.1
Check: installed package size
Result: NOTE
installed size is 9.4Mb
sub-directories of 1Mb or more:
java 9.4Mb
Flavors: r-devel-linux-x86_64-fedora-clang, r-devel-windows-x86_64, r-release-macos-arm64, r-release-macos-x86_64, r-release-windows-x86_64, r-oldrel-macos-arm64, r-oldrel-macos-x86_64, r-oldrel-windows-ix86+x86_64