Last updated on 2023-03-29 07:55:13 CEST.
Flavor | Version | Tinstall | Tcheck | Ttotal | Status | Flags |
---|---|---|---|---|---|---|
r-devel-linux-x86_64-debian-clang | 1.0.0 | 2.12 | 27.40 | 29.52 | NOTE | |
r-devel-linux-x86_64-debian-gcc | 1.0.0 | 1.70 | 22.28 | 23.98 | NOTE | |
r-devel-linux-x86_64-fedora-clang | 1.0.0 | 39.41 | NOTE | |||
r-devel-linux-x86_64-fedora-gcc | 1.0.0 | 47.83 | NOTE | |||
r-devel-windows-x86_64 | 1.0.0 | 67.00 | 66.00 | 133.00 | NOTE | |
r-patched-linux-x86_64 | 1.0.0 | 2.16 | 27.22 | 29.38 | NOTE | |
r-release-linux-x86_64 | 1.0.0 | 1.88 | 28.03 | 29.91 | NOTE | |
r-release-macos-arm64 | 1.0.0 | 19.00 | NOTE | |||
r-release-macos-x86_64 | 1.0.0 | 29.00 | NOTE | |||
r-release-windows-x86_64 | 1.0.0 | 35.00 | 68.00 | 103.00 | NOTE | |
r-oldrel-macos-arm64 | 1.0.0 | 22.00 | NOTE | |||
r-oldrel-macos-x86_64 | 1.0.0 | 31.00 | NOTE | |||
r-oldrel-windows-ix86+x86_64 | 1.0.0 | 5.00 | 59.00 | 64.00 | NOTE |
Version: 1.0.0
Check: LazyData
Result: NOTE
'LazyData' is specified without a 'data' directory
Flavors: r-devel-linux-x86_64-debian-clang, r-devel-linux-x86_64-debian-gcc, r-devel-linux-x86_64-fedora-clang, r-devel-linux-x86_64-fedora-gcc, r-devel-windows-x86_64, r-patched-linux-x86_64, r-release-linux-x86_64, r-release-macos-arm64, r-release-macos-x86_64, r-release-windows-x86_64, r-oldrel-macos-arm64, r-oldrel-macos-x86_64, r-oldrel-windows-ix86+x86_64