CRAN Package Check Results for Package baldur

Last updated on 2024-02-26 08:48:38 CET.

Flavor Version Tinstall Tcheck Ttotal Status Flags
r-devel-linux-x86_64-debian-clang 0.0.3 393.21 185.94 579.15 NOTE
r-devel-linux-x86_64-debian-gcc 0.0.3 367.37 161.16 528.53 NOTE
r-devel-linux-x86_64-fedora-clang 0.0.3 749.39 NOTE
r-devel-linux-x86_64-fedora-gcc 0.0.3 998.10 NOTE
r-devel-windows-x86_64 0.0.3 322.00 195.00 517.00 NOTE
r-patched-linux-x86_64 0.0.3 0.02 2.50 2.52 ERROR
r-release-linux-x86_64 0.0.3 0.02 2.35 2.37 ERROR
r-release-macos-arm64 0.0.3 278.00 NOTE
r-release-macos-x86_64 0.0.3 413.00 NOTE
r-release-windows-x86_64 0.0.3 404.00 239.00 643.00 NOTE
r-oldrel-macos-arm64 0.0.3 173.00 NOTE
r-oldrel-windows-x86_64 0.0.3 386.00 232.00 618.00 NOTE

Additional issues

donttest

Check Details

Version: 0.0.3
Check: for GNU extensions in Makefiles
Result: NOTE GNU make is a SystemRequirements. Flavors: r-devel-linux-x86_64-debian-clang, r-devel-linux-x86_64-debian-gcc, r-devel-linux-x86_64-fedora-clang, r-devel-linux-x86_64-fedora-gcc, r-devel-windows-x86_64, r-release-macos-arm64, r-release-macos-x86_64, r-release-windows-x86_64, r-oldrel-macos-arm64, r-oldrel-windows-x86_64

Version: 0.0.3
Check: installed package size
Result: NOTE installed size is 6.1Mb sub-directories of 1Mb or more: data 1.1Mb libs 4.1Mb Flavors: r-devel-linux-x86_64-fedora-clang, r-devel-windows-x86_64, r-release-macos-arm64, r-release-macos-x86_64, r-release-windows-x86_64, r-oldrel-macos-arm64, r-oldrel-windows-x86_64

Version: 0.0.3
Check: dependencies in R code
Result: NOTE Namespaces in Imports field not imported from: ‘RcppParallel’ ‘rstantools’ All declared Imports should be used. Flavors: r-devel-linux-x86_64-fedora-clang, r-devel-linux-x86_64-fedora-gcc

Version: 0.0.3
Check: Rd cross-references
Result: NOTE Undeclared package ‘tidyselect’ in Rd xrefs Flavor: r-devel-linux-x86_64-fedora-clang

Version: 0.0.3
Check: whether package can be installed
Result: ERROR Installation failed. Flavors: r-patched-linux-x86_64, r-release-linux-x86_64