CRAN Package Check Results for Package bakeoff

Last updated on 2024-02-26 08:48:38 CET.

Flavor Version Tinstall Tcheck Ttotal Status Flags
r-devel-linux-x86_64-debian-clang 0.2.0 2.13 30.17 32.30 OK
r-devel-linux-x86_64-debian-gcc 0.2.0 1.75 23.43 25.18 OK
r-devel-linux-x86_64-fedora-clang 0.2.0 41.08 NOTE
r-devel-linux-x86_64-fedora-gcc 0.2.0 39.23 NOTE
r-devel-windows-x86_64 0.2.0 3.00 46.00 49.00 OK
r-patched-linux-x86_64 0.2.0 2.50 30.18 32.68 OK
r-release-linux-x86_64 0.2.0 1.98 29.45 31.43 OK
r-release-macos-arm64 0.2.0 21.00 OK
r-release-macos-x86_64 0.2.0 27.00 OK
r-release-windows-x86_64 0.2.0 3.00 52.00 55.00 OK
r-oldrel-macos-arm64 0.2.0 18.00 OK
r-oldrel-windows-x86_64 0.2.0 5.00 56.00 61.00 OK

Check Details

Version: 0.2.0
Check: data for non-ASCII characters
Result: NOTE Note: found 260 marked UTF-8 strings Flavors: r-devel-linux-x86_64-fedora-clang, r-devel-linux-x86_64-fedora-gcc