Last updated on 2023-04-02 07:54:48 CEST.
Flavor | Version | Tinstall | Tcheck | Ttotal | Status | Flags |
---|---|---|---|---|---|---|
r-devel-linux-x86_64-debian-clang | 0.4.0 | 589.55 | 324.26 | 913.81 | NOTE | |
r-devel-linux-x86_64-debian-gcc | 0.4.0 | 541.88 | 265.98 | 807.86 | NOTE | |
r-devel-linux-x86_64-fedora-clang | 0.4.0 | 1241.95 | NOTE | |||
r-devel-linux-x86_64-fedora-gcc | 0.4.0 | 1417.96 | NOTE | |||
r-devel-windows-x86_64 | 0.4.0 | 642.00 | 423.00 | 1065.00 | NOTE | |
r-patched-linux-x86_64 | 0.4.0 | 486.82 | 340.93 | 827.75 | NOTE | |
r-release-linux-x86_64 | 0.4.0 | 439.00 | 346.01 | 785.01 | NOTE | |
r-release-macos-arm64 | 0.4.0 | 252.00 | NOTE | |||
r-release-macos-x86_64 | 0.4.0 | 416.00 | NOTE | |||
r-release-windows-x86_64 | 0.4.0 | 2296.00 | 423.00 | 2719.00 | NOTE | |
r-oldrel-macos-arm64 | 0.4.0 | 277.00 | NOTE | |||
r-oldrel-macos-x86_64 | 0.4.0 | 416.00 | NOTE | |||
r-oldrel-windows-ix86+x86_64 | 0.4.0 | 1310.00 | 482.00 | 1792.00 | NOTE |
Version: 0.4.0
Check: for GNU extensions in Makefiles
Result: NOTE
GNU make is a SystemRequirements.
Flavors: r-devel-linux-x86_64-debian-clang, r-devel-linux-x86_64-debian-gcc, r-devel-linux-x86_64-fedora-clang, r-devel-linux-x86_64-fedora-gcc, r-devel-windows-x86_64, r-patched-linux-x86_64, r-release-linux-x86_64, r-release-macos-arm64, r-release-macos-x86_64, r-release-windows-x86_64, r-oldrel-macos-arm64, r-oldrel-macos-x86_64, r-oldrel-windows-ix86+x86_64
Version: 0.4.0
Check: installed package size
Result: NOTE
installed size is 7.2Mb
sub-directories of 1Mb or more:
libs 6.3Mb
Flavors: r-devel-linux-x86_64-fedora-clang, r-devel-windows-x86_64, r-release-macos-arm64, r-release-macos-x86_64, r-release-windows-x86_64, r-oldrel-macos-arm64, r-oldrel-macos-x86_64, r-oldrel-windows-ix86+x86_64
Version: 0.4.0
Check: dependencies in R code
Result: NOTE
Namespaces in Imports field not imported from:
‘RcppParallel’ ‘rstantools’
All declared Imports should be used.
Flavors: r-devel-linux-x86_64-fedora-clang, r-devel-linux-x86_64-fedora-gcc