CRAN Package Check Results for Package babynamesIL

Last updated on 2024-02-26 08:48:38 CET.

Flavor Version Tinstall Tcheck Ttotal Status Flags
r-devel-linux-x86_64-debian-clang 0.0.2 7.28 37.29 44.57 OK
r-devel-linux-x86_64-debian-gcc 0.0.2 5.84 28.79 34.63 OK
r-devel-linux-x86_64-fedora-clang 0.0.2 55.52 NOTE
r-devel-linux-x86_64-fedora-gcc 0.0.2 53.88 NOTE
r-devel-windows-x86_64 0.0.2 8.00 44.00 52.00 OK
r-patched-linux-x86_64 0.0.2 6.71 36.90 43.61 OK
r-release-linux-x86_64 0.0.2 7.35 36.98 44.33 OK
r-release-macos-arm64 0.0.2 26.00 OK
r-release-macos-x86_64 0.0.2 38.00 OK
r-release-windows-x86_64 0.0.2 8.00 62.00 70.00 OK
r-oldrel-macos-arm64 0.0.2 27.00 OK
r-oldrel-windows-x86_64 0.0.2 10.00 56.00 66.00 OK

Check Details

Version: 0.0.2
Check: data for non-ASCII characters
Result: NOTE Note: found 135648 marked UTF-8 strings Flavors: r-devel-linux-x86_64-fedora-clang, r-devel-linux-x86_64-fedora-gcc