Last updated on 2023-01-28 07:14:48 CET.
Flavor | Version | Tinstall | Tcheck | Ttotal | Status | Flags |
---|---|---|---|---|---|---|
r-devel-linux-x86_64-debian-clang | 0.2.0 | 1.81 | 27.20 | 29.01 | NOTE | |
r-devel-linux-x86_64-debian-gcc | 0.2.0 | 2.17 | 21.70 | 23.87 | NOTE | |
r-devel-linux-x86_64-fedora-clang | 0.2.0 | 37.86 | NOTE | |||
r-devel-linux-x86_64-fedora-gcc | 0.2.0 | 36.27 | NOTE | |||
r-devel-windows-x86_64 | 0.2.0 | 37.00 | 81.00 | 118.00 | NOTE | |
r-patched-linux-x86_64 | 0.2.0 | 3.09 | 27.11 | 30.20 | NOTE | |
r-release-linux-x86_64 | 0.2.0 | 2.80 | 27.43 | 30.23 | NOTE | |
r-release-macos-arm64 | 0.2.0 | 22.00 | NOTE | |||
r-release-macos-x86_64 | 0.2.0 | 26.00 | NOTE | |||
r-release-windows-x86_64 | 0.2.0 | 24.00 | 70.00 | 94.00 | NOTE | |
r-oldrel-macos-arm64 | 0.2.0 | 22.00 | NOTE | |||
r-oldrel-macos-x86_64 | 0.2.0 | 28.00 | NOTE | |||
r-oldrel-windows-ix86+x86_64 | 0.2.0 | 10.00 | 69.00 | 79.00 | NOTE |
Version: 0.2.0
Check: LazyData
Result: NOTE
'LazyData' is specified without a 'data' directory
Flavors: r-devel-linux-x86_64-debian-clang, r-devel-linux-x86_64-debian-gcc, r-devel-linux-x86_64-fedora-clang, r-devel-linux-x86_64-fedora-gcc, r-devel-windows-x86_64, r-patched-linux-x86_64, r-release-linux-x86_64, r-release-macos-arm64, r-release-macos-x86_64, r-release-windows-x86_64, r-oldrel-macos-arm64, r-oldrel-macos-x86_64, r-oldrel-windows-ix86+x86_64