CRAN Package Check Results for Package avar

Last updated on 2024-02-27 07:54:40 CET.

Flavor Version Tinstall Tcheck Ttotal Status Flags
r-devel-linux-x86_64-debian-clang 0.1.3 39.66 72.75 112.41 NOTE
r-devel-linux-x86_64-debian-gcc 0.1.3 29.45 55.47 84.92 NOTE
r-devel-linux-x86_64-fedora-clang 0.1.3 146.52 NOTE
r-devel-linux-x86_64-fedora-gcc 0.1.3 160.04 NOTE
r-devel-windows-x86_64 0.1.3 31.00 100.00 131.00 OK
r-patched-linux-x86_64 0.1.3 24.58 70.15 94.73 OK
r-release-linux-x86_64 0.1.3 25.87 69.58 95.45 OK
r-release-macos-arm64 0.1.3 53.00 OK
r-release-macos-x86_64 0.1.3 82.00 OK
r-release-windows-x86_64 0.1.3 40.00 109.00 149.00 OK
r-oldrel-macos-arm64 0.1.3 57.00 OK
r-oldrel-windows-x86_64 0.1.3 39.00 108.00 147.00 OK

Check Details

Version: 0.1.3
Check: Rd files
Result: NOTE checkRd: (-1) avar_mo_cpp.Rd:15: Lost braces in \itemize; \value handles \item{}{} directly checkRd: (-1) avar_mo_cpp.Rd:16: Lost braces in \itemize; \value handles \item{}{} directly checkRd: (-1) avar_mo_cpp.Rd:17: Lost braces in \itemize; \value handles \item{}{} directly checkRd: (-1) avar_to_cpp.Rd:15: Lost braces in \itemize; \value handles \item{}{} directly checkRd: (-1) avar_to_cpp.Rd:16: Lost braces in \itemize; \value handles \item{}{} directly checkRd: (-1) avar_to_cpp.Rd:17: Lost braces in \itemize; \value handles \item{}{} directly Flavors: r-devel-linux-x86_64-debian-clang, r-devel-linux-x86_64-debian-gcc, r-devel-linux-x86_64-fedora-clang, r-devel-linux-x86_64-fedora-gcc