CRAN Package Check Results for Package automl

Last updated on 2025-01-19 07:49:54 CET.

Flavor Version Tinstall Tcheck Ttotal Status Flags
r-devel-linux-x86_64-debian-clang 1.3.2 4.57 34.11 38.68 OK
r-devel-linux-x86_64-debian-gcc 1.3.2 2.76 24.59 27.35 OK
r-devel-linux-x86_64-fedora-clang 1.3.2 62.82 OK
r-devel-linux-x86_64-fedora-gcc 1.3.2 72.52 OK
r-devel-windows-x86_64 1.3.2 6.00 65.00 71.00 OK
r-patched-linux-x86_64 1.3.2 4.08 32.32 36.40 NOTE
r-release-linux-x86_64 1.3.2 3.07 32.06 35.13 NOTE
r-release-macos-arm64 1.3.2 27.00 NOTE
r-release-macos-x86_64 1.3.2 41.00 NOTE
r-release-windows-x86_64 1.3.2 5.00 58.00 63.00 NOTE
r-oldrel-macos-arm64 1.3.2 27.00 NOTE
r-oldrel-macos-x86_64 1.3.2 42.00 NOTE
r-oldrel-windows-x86_64 1.3.2 9.00 61.00 70.00 NOTE

Check Details

Version: 1.3.2
Check: LazyData
Result: NOTE 'LazyData' is specified without a 'data' directory Flavors: r-patched-linux-x86_64, r-release-linux-x86_64, r-release-macos-arm64, r-release-macos-x86_64, r-release-windows-x86_64, r-oldrel-macos-arm64, r-oldrel-macos-x86_64, r-oldrel-windows-x86_64