CRAN Package Check Results for Package automagic

Last updated on 2023-02-05 07:57:14 CET.

Flavor Version Tinstall Tcheck Ttotal Status Flags
r-devel-linux-x86_64-debian-clang 0.5.1 2.42 23.26 25.68 NOTE
r-devel-linux-x86_64-debian-gcc 0.5.1 1.80 19.03 20.83 NOTE
r-devel-linux-x86_64-fedora-clang 0.5.1 33.09 NOTE
r-devel-linux-x86_64-fedora-gcc 0.5.1 31.79 NOTE
r-devel-windows-x86_64 0.5.1 12.00 53.00 65.00 NOTE
r-patched-linux-x86_64 0.5.1 1.99 23.88 25.87 NOTE
r-release-linux-x86_64 0.5.1 2.01 24.47 26.48 NOTE
r-release-macos-arm64 0.5.1 14.00 NOTE
r-release-macos-x86_64 0.5.1 22.00 NOTE
r-release-windows-x86_64 0.5.1 14.00 58.00 72.00 NOTE
r-oldrel-macos-arm64 0.5.1 22.00 NOTE
r-oldrel-macos-x86_64 0.5.1 24.00 NOTE
r-oldrel-windows-ix86+x86_64 0.5.1 6.00 52.00 58.00 NOTE

Check Details

Version: 0.5.1
Check: LazyData
Result: NOTE
     'LazyData' is specified without a 'data' directory
Flavors: r-devel-linux-x86_64-debian-clang, r-devel-linux-x86_64-debian-gcc, r-devel-linux-x86_64-fedora-clang, r-devel-linux-x86_64-fedora-gcc, r-devel-windows-x86_64, r-patched-linux-x86_64, r-release-linux-x86_64, r-release-macos-arm64, r-release-macos-x86_64, r-release-windows-x86_64, r-oldrel-macos-arm64, r-oldrel-macos-x86_64, r-oldrel-windows-ix86+x86_64