Last updated on 2023-01-27 07:50:27 CET.
Flavor | Version | Tinstall | Tcheck | Ttotal | Status | Flags |
---|---|---|---|---|---|---|
r-devel-linux-x86_64-debian-clang | 0.2.2 | 46.23 | 125.48 | 171.71 | OK | |
r-devel-linux-x86_64-debian-gcc | 0.2.2 | 33.77 | 139.55 | 173.32 | NOTE | |
r-devel-linux-x86_64-fedora-clang | 0.2.2 | 203.16 | OK | |||
r-devel-linux-x86_64-fedora-gcc | 0.2.2 | 190.01 | NOTE | |||
r-devel-windows-x86_64 | 0.2.2 | 58.00 | 153.00 | 211.00 | OK | |
r-patched-linux-x86_64 | 0.2.2 | 34.63 | 120.78 | 155.41 | OK | |
r-release-linux-x86_64 | 0.2.2 | 35.85 | 131.35 | 167.20 | OK | |
r-release-macos-arm64 | 0.2.2 | 51.00 | OK | |||
r-release-macos-x86_64 | 0.2.2 | 65.00 | OK | |||
r-release-windows-x86_64 | 0.2.2 | 71.00 | 146.00 | 217.00 | OK | |
r-oldrel-macos-arm64 | 0.2.2 | 46.00 | OK | |||
r-oldrel-macos-x86_64 | 0.2.2 | 71.00 | OK | |||
r-oldrel-windows-ix86+x86_64 | 0.2.2 | 96.00 | 153.00 | 249.00 | OK |
Version: 0.2.2
Check: C++ specification
Result: NOTE
Specified C++11: please update to current default of C++17
Flavors: r-devel-linux-x86_64-debian-gcc, r-devel-linux-x86_64-fedora-gcc