CRAN Package Check Results for Package autoMrP

Last updated on 2023-02-02 06:54:44 CET.

Flavor Version Tinstall Tcheck Ttotal Status Flags
r-devel-linux-x86_64-debian-clang 1.0.2 11.24 79.49 90.73 OK
r-devel-linux-x86_64-debian-gcc 1.0.2 8.15 58.89 67.04 OK
r-devel-linux-x86_64-fedora-clang 1.0.2 110.54 NOTE
r-devel-linux-x86_64-fedora-gcc 1.0.2 114.75 NOTE
r-devel-windows-x86_64 1.0.2 31.00 117.00 148.00 OK
r-patched-linux-x86_64 1.0.2 11.34 71.66 83.00 OK
r-release-linux-x86_64 1.0.2 7.12 75.30 82.42 OK
r-release-macos-arm64 1.0.2 35.00 NOTE
r-release-macos-x86_64 1.0.2 60.00 NOTE
r-release-windows-x86_64 1.0.2 51.00 116.00 167.00 OK
r-oldrel-macos-arm64 1.0.2 35.00 NOTE
r-oldrel-macos-x86_64 1.0.2 43.00 NOTE
r-oldrel-windows-ix86+x86_64 1.0.2 21.00 96.00 117.00 OK

Additional issues

donttest

Check Details

Version: 1.0.2
Check: dependencies in R code
Result: NOTE
    Namespace in Imports field not imported from: ‘R.rsp’
     All declared Imports should be used.
Flavors: r-devel-linux-x86_64-fedora-clang, r-devel-linux-x86_64-fedora-gcc, r-release-macos-arm64, r-release-macos-x86_64, r-oldrel-macos-arm64, r-oldrel-macos-x86_64