Last updated on 2023-02-02 06:54:44 CET.
Flavor | Version | Tinstall | Tcheck | Ttotal | Status | Flags |
---|---|---|---|---|---|---|
r-devel-linux-x86_64-debian-clang | 1.0.0 | 6.34 | 75.65 | 81.99 | OK | |
r-devel-linux-x86_64-debian-gcc | 1.0.0 | 5.18 | 55.56 | 60.74 | OK | |
r-devel-linux-x86_64-fedora-clang | 1.0.0 | 102.25 | NOTE | |||
r-devel-linux-x86_64-fedora-gcc | 1.0.0 | 108.75 | NOTE | |||
r-devel-windows-x86_64 | 1.0.0 | 24.00 | 100.00 | 124.00 | OK | |
r-patched-linux-x86_64 | 1.0.0 | 7.08 | 73.09 | 80.17 | OK | |
r-release-linux-x86_64 | 1.0.0 | 8.24 | 72.25 | 80.49 | OK | |
r-release-macos-arm64 | 1.0.0 | 31.00 | NOTE | |||
r-release-macos-x86_64 | 1.0.0 | 40.00 | NOTE | |||
r-release-windows-x86_64 | 1.0.0 | 20.00 | 99.00 | 119.00 | OK | |
r-oldrel-macos-arm64 | 1.0.0 | 35.00 | NOTE | |||
r-oldrel-macos-x86_64 | 1.0.0 | 42.00 | NOTE | |||
r-oldrel-windows-ix86+x86_64 | 1.0.0 | 14.00 | 96.00 | 110.00 | OK |
Version: 1.0.0
Check: dependencies in R code
Result: NOTE
Namespace in Imports field not imported from: ‘usethis’
All declared Imports should be used.
Flavors: r-devel-linux-x86_64-fedora-clang, r-devel-linux-x86_64-fedora-gcc, r-release-macos-arm64, r-release-macos-x86_64, r-oldrel-macos-arm64, r-oldrel-macos-x86_64