CRAN Package Check Results for Package autoFRK

Last updated on 2024-02-23 07:52:02 CET.

Flavor Version Tinstall Tcheck Ttotal Status Flags
r-devel-linux-x86_64-debian-clang 1.4.3 NOTE
r-devel-linux-x86_64-debian-gcc 1.4.3 54.94 95.73 150.67 NOTE
r-devel-linux-x86_64-fedora-clang 1.4.3 245.48 NOTE
r-devel-linux-x86_64-fedora-gcc 1.4.3 252.15 NOTE
r-devel-windows-x86_64 1.4.3 52.00 126.00 178.00 NOTE
r-patched-linux-x86_64 1.4.3 69.49 126.48 195.97 NOTE
r-release-linux-x86_64 1.4.3 67.34 123.53 190.87 NOTE
r-release-macos-arm64 1.4.3 75.00 NOTE
r-release-macos-x86_64 1.4.3 124.00 NOTE
r-release-windows-x86_64 1.4.3 65.00 148.00 213.00 NOTE
r-oldrel-macos-arm64 1.4.3 69.00 NOTE
r-oldrel-windows-x86_64 1.4.3 66.00 145.00 211.00 OK

Check Details

Version: 1.4.3
Check: C++ specification
Result: NOTE Specified C++11: please drop specification unless essential Flavors: r-devel-linux-x86_64-debian-clang, r-devel-linux-x86_64-debian-gcc, r-devel-linux-x86_64-fedora-clang, r-devel-linux-x86_64-fedora-gcc, r-devel-windows-x86_64, r-patched-linux-x86_64, r-release-linux-x86_64, r-release-macos-arm64, r-release-macos-x86_64, r-release-windows-x86_64

Version: 1.4.3
Check: installed package size
Result: NOTE installed size is 18.2Mb sub-directories of 1Mb or more: libs 18.0Mb Flavors: r-release-macos-arm64, r-release-macos-x86_64, r-oldrel-macos-arm64