Last updated on 2023-01-26 07:53:45 CET.
Flavor | Version | Tinstall | Tcheck | Ttotal | Status | Flags |
---|---|---|---|---|---|---|
r-devel-linux-x86_64-debian-clang | 0.3 | 2.49 | 29.44 | 31.93 | NOTE | |
r-devel-linux-x86_64-debian-gcc | 0.3 | 1.89 | 23.35 | 25.24 | NOTE | |
r-devel-linux-x86_64-fedora-clang | 0.3 | 44.16 | NOTE | |||
r-devel-linux-x86_64-fedora-gcc | 0.3 | 42.83 | NOTE | |||
r-devel-windows-x86_64 | 0.3 | 8.00 | 56.00 | 64.00 | NOTE | |
r-patched-linux-x86_64 | 0.3 | 2.21 | 30.21 | 32.42 | NOTE | |
r-release-linux-x86_64 | 0.3 | 3.01 | 30.28 | 33.29 | NOTE | |
r-release-macos-arm64 | 0.3 | 18.00 | NOTE | |||
r-release-macos-x86_64 | 0.3 | 24.00 | NOTE | |||
r-release-windows-x86_64 | 0.3 | 10.00 | 57.00 | 67.00 | NOTE | |
r-oldrel-macos-arm64 | 0.3 | 24.00 | NOTE | |||
r-oldrel-macos-x86_64 | 0.3 | 31.00 | NOTE | |||
r-oldrel-windows-ix86+x86_64 | 0.3 | 8.00 | 72.00 | 80.00 | NOTE |
Version: 0.3
Check: LazyData
Result: NOTE
'LazyData' is specified without a 'data' directory
Flavors: r-devel-linux-x86_64-debian-clang, r-devel-linux-x86_64-debian-gcc, r-devel-linux-x86_64-fedora-clang, r-devel-linux-x86_64-fedora-gcc, r-devel-windows-x86_64, r-patched-linux-x86_64, r-release-linux-x86_64, r-release-macos-arm64, r-release-macos-x86_64, r-release-windows-x86_64, r-oldrel-macos-arm64, r-oldrel-macos-x86_64, r-oldrel-windows-ix86+x86_64