CRAN Package Check Results for Package auth0

Last updated on 2023-01-29 07:55:56 CET.

Flavor Version Tinstall Tcheck Ttotal Status Flags
r-devel-linux-x86_64-debian-clang 0.2.1 2.38 25.65 28.03 NOTE
r-devel-linux-x86_64-debian-gcc 0.2.1 1.94 19.68 21.62 NOTE
r-devel-linux-x86_64-fedora-clang 0.2.1 38.63 NOTE
r-devel-linux-x86_64-fedora-gcc 0.2.1 46.63 NOTE
r-devel-windows-x86_64 0.2.1 18.00 55.00 73.00 NOTE
r-patched-linux-x86_64 0.2.1 2.43 25.88 28.31 NOTE
r-release-linux-x86_64 0.2.1 1.74 25.87 27.61 NOTE
r-release-macos-arm64 0.2.1 15.00 NOTE
r-release-macos-x86_64 0.2.1 22.00 NOTE
r-release-windows-x86_64 0.2.1 13.00 54.00 67.00 NOTE
r-oldrel-macos-arm64 0.2.1 21.00 NOTE
r-oldrel-macos-x86_64 0.2.1 36.00 NOTE
r-oldrel-windows-ix86+x86_64 0.2.1 7.00 49.00 56.00 NOTE

Additional issues

donttest

Check Details

Version: 0.2.1
Check: LazyData
Result: NOTE
     'LazyData' is specified without a 'data' directory
Flavors: r-devel-linux-x86_64-debian-clang, r-devel-linux-x86_64-debian-gcc, r-devel-linux-x86_64-fedora-clang, r-devel-linux-x86_64-fedora-gcc, r-devel-windows-x86_64, r-patched-linux-x86_64, r-release-linux-x86_64, r-release-macos-arm64, r-release-macos-x86_64, r-release-windows-x86_64, r-oldrel-macos-arm64, r-oldrel-macos-x86_64, r-oldrel-windows-ix86+x86_64