CRAN Package Check Results for Package atmopt

Last updated on 2022-09-28 06:54:01 CEST.

Flavor Version Tinstall Tcheck Ttotal Status Flags
r-devel-linux-x86_64-debian-clang 0.1.0 2.81 36.96 39.77 NOTE
r-devel-linux-x86_64-debian-gcc 0.1.0 3.01 28.27 31.28 NOTE
r-devel-linux-x86_64-fedora-clang 0.1.0 61.24 NOTE
r-devel-linux-x86_64-fedora-gcc 0.1.0 59.30 NOTE
r-devel-windows-x86_64 0.1.0 17.00 62.00 79.00 NOTE
r-patched-linux-x86_64 0.1.0 4.06 34.64 38.70 NOTE
r-release-linux-x86_64 0.1.0 3.56 34.35 37.91 NOTE
r-release-macos-arm64 0.1.0 20.00 NOTE
r-release-macos-x86_64 0.1.0 26.00 NOTE
r-release-windows-x86_64 0.1.0 9.00 67.00 76.00 NOTE
r-oldrel-macos-arm64 0.1.0 23.00 NOTE
r-oldrel-macos-x86_64 0.1.0 34.00 NOTE
r-oldrel-windows-ix86+x86_64 0.1.0 9.00 63.00 72.00 NOTE

Check Details

Version: 0.1.0
Check: LazyData
Result: NOTE
     'LazyData' is specified without a 'data' directory
Flavors: r-devel-linux-x86_64-debian-clang, r-devel-linux-x86_64-debian-gcc, r-devel-linux-x86_64-fedora-clang, r-devel-linux-x86_64-fedora-gcc, r-devel-windows-x86_64, r-patched-linux-x86_64, r-release-linux-x86_64, r-release-macos-arm64, r-release-macos-x86_64, r-release-windows-x86_64, r-oldrel-macos-arm64, r-oldrel-macos-x86_64, r-oldrel-windows-ix86+x86_64