Last updated on 2023-01-27 07:50:27 CET.
Flavor | Version | Tinstall | Tcheck | Ttotal | Status | Flags |
---|---|---|---|---|---|---|
r-devel-linux-x86_64-debian-clang | 0.9.8 | 28.52 | 63.82 | 92.34 | OK | |
r-devel-linux-x86_64-debian-gcc | 0.9.8 | 22.55 | 48.85 | 71.40 | NOTE | |
r-devel-linux-x86_64-fedora-clang | 0.9.8 | 127.85 | OK | |||
r-devel-linux-x86_64-fedora-gcc | 0.9.8 | 117.02 | NOTE | |||
r-devel-windows-x86_64 | 0.9.8 | 39.00 | 111.00 | 150.00 | OK | |
r-patched-linux-x86_64 | 0.9.8 | 26.69 | 62.74 | 89.43 | OK | |
r-release-linux-x86_64 | 0.9.8 | 25.90 | 63.54 | 89.44 | OK | |
r-release-macos-arm64 | 0.9.8 | 37.00 | OK | |||
r-release-macos-x86_64 | 0.9.8 | 46.00 | OK | |||
r-release-windows-x86_64 | 0.9.8 | 36.00 | 119.00 | 155.00 | OK | |
r-oldrel-macos-arm64 | 0.9.8 | 39.00 | OK | |||
r-oldrel-macos-x86_64 | 0.9.8 | 67.00 | OK | |||
r-oldrel-windows-ix86+x86_64 | 0.9.8 | 68.00 | 119.00 | 187.00 | OK |
Version: 0.9.8
Check: C++ specification
Result: NOTE
Specified C++11: please update to current default of C++17
Flavors: r-devel-linux-x86_64-debian-gcc, r-devel-linux-x86_64-fedora-gcc