Last updated on 2023-05-30 08:02:12 CEST.
Flavor | Version | Tinstall | Tcheck | Ttotal | Status | Flags |
---|---|---|---|---|---|---|
r-devel-linux-x86_64-debian-clang | 1.4.3 | 40.80 | 123.32 | 164.12 | NOTE | |
r-devel-linux-x86_64-debian-gcc | 1.4.3 | 38.25 | 90.69 | 128.94 | NOTE | |
r-devel-linux-x86_64-fedora-clang | 1.4.3 | 226.19 | NOTE | |||
r-devel-linux-x86_64-fedora-gcc | 1.4.3 | 245.93 | NOTE | |||
r-devel-windows-x86_64 | 1.4.3 | 44.00 | 117.00 | 161.00 | NOTE | |
r-patched-linux-x86_64 | 1.4.3 | 40.03 | 116.93 | 156.96 | NOTE | |
r-release-linux-x86_64 | 1.4.3 | 41.24 | 116.41 | 157.65 | NOTE | |
r-release-macos-arm64 | 1.4.3 | 64.00 | NOTE | |||
r-release-macos-x86_64 | 1.4.3 | 102.00 | NOTE | |||
r-release-windows-x86_64 | 1.4.3 | 55.00 | 150.00 | 205.00 | NOTE | |
r-oldrel-macos-arm64 | 1.4.3 | 58.00 | NOTE | |||
r-oldrel-macos-x86_64 | 1.4.3 | 73.00 | NOTE | |||
r-oldrel-windows-x86_64 | 1.4.3 | 53.00 | 144.00 | 197.00 | NOTE |
Version: 1.4.3
Check: package dependencies
Result: NOTE
Package suggested but not available for checking: ‘asteRiskData’
Flavors: r-devel-linux-x86_64-debian-clang, r-devel-linux-x86_64-debian-gcc, r-devel-linux-x86_64-fedora-clang, r-devel-linux-x86_64-fedora-gcc, r-devel-windows-x86_64, r-patched-linux-x86_64, r-release-linux-x86_64, r-release-macos-arm64, r-release-macos-x86_64, r-release-windows-x86_64, r-oldrel-macos-arm64, r-oldrel-macos-x86_64, r-oldrel-windows-x86_64
Version: 1.4.3
Check: C++ specification
Result: NOTE
Specified C++11: please drop specification unless essential
Flavors: r-devel-linux-x86_64-debian-clang, r-devel-linux-x86_64-debian-gcc, r-devel-linux-x86_64-fedora-clang, r-devel-linux-x86_64-fedora-gcc, r-devel-windows-x86_64, r-patched-linux-x86_64, r-release-linux-x86_64, r-release-macos-arm64, r-release-macos-x86_64, r-release-windows-x86_64
Version: 1.4.3
Check: for GNU extensions in Makefiles
Result: NOTE
GNU make is a SystemRequirements.
Flavors: r-devel-linux-x86_64-debian-clang, r-devel-linux-x86_64-debian-gcc, r-devel-linux-x86_64-fedora-clang, r-devel-linux-x86_64-fedora-gcc, r-devel-windows-x86_64, r-patched-linux-x86_64, r-release-linux-x86_64, r-release-macos-arm64, r-release-macos-x86_64, r-release-windows-x86_64, r-oldrel-macos-arm64, r-oldrel-macos-x86_64, r-oldrel-windows-x86_64
Version: 1.4.3
Check: installed package size
Result: NOTE
installed size is 5.2Mb
sub-directories of 1Mb or more:
doc 2.6Mb
libs 1.1Mb
Flavors: r-devel-windows-x86_64, r-release-macos-arm64, r-release-macos-x86_64, r-release-windows-x86_64, r-oldrel-macos-arm64, r-oldrel-macos-x86_64, r-oldrel-windows-x86_64