CRAN Package Check Results for Package assertive.strings

Last updated on 2023-03-22 05:52:20 CET.

Flavor Version Tinstall Tcheck Ttotal Status Flags
r-devel-linux-x86_64-debian-clang 0.0-3 2.78 28.06 30.84 NOTE
r-devel-linux-x86_64-debian-gcc 0.0-3 1.81 22.47 24.28 NOTE
r-devel-linux-x86_64-fedora-clang 0.0-3 40.57 NOTE
r-devel-linux-x86_64-fedora-gcc 0.0-3 36.99 NOTE
r-devel-windows-x86_64 0.0-3 46.00 58.00 104.00 NOTE
r-patched-linux-x86_64 0.0-3 2.50 29.63 32.13 NOTE
r-release-linux-x86_64 0.0-3 2.75 29.48 32.23 NOTE
r-release-macos-arm64 0.0-3 17.00 NOTE
r-release-macos-x86_64 0.0-3 25.00 NOTE
r-release-windows-x86_64 0.0-3 54.00 58.00 112.00 NOTE
r-oldrel-macos-arm64 0.0-3 22.00 NOTE
r-oldrel-macos-x86_64 0.0-3 30.00 NOTE
r-oldrel-windows-ix86+x86_64 0.0-3 6.00 54.00 60.00 NOTE

Check Details

Version: 0.0-3
Check: LazyData
Result: NOTE
     'LazyData' is specified without a 'data' directory
Flavors: r-devel-linux-x86_64-debian-clang, r-devel-linux-x86_64-debian-gcc, r-devel-linux-x86_64-fedora-clang, r-devel-linux-x86_64-fedora-gcc, r-devel-windows-x86_64, r-patched-linux-x86_64, r-release-linux-x86_64, r-release-macos-arm64, r-release-macos-x86_64, r-release-windows-x86_64, r-oldrel-macos-arm64, r-oldrel-macos-x86_64, r-oldrel-windows-ix86+x86_64