Last updated on 2023-11-28 07:52:55 CET.
Flavor | Version | Tinstall | Tcheck | Ttotal | Status | Flags |
---|---|---|---|---|---|---|
r-devel-linux-x86_64-debian-clang | 0.0-3 | 2.12 | 24.04 | 26.16 | NOTE | |
r-devel-linux-x86_64-debian-gcc | 0.0-3 | 1.56 | 18.59 | 20.15 | NOTE | |
r-devel-linux-x86_64-fedora-clang | 0.0-3 | 33.22 | NOTE | |||
r-devel-linux-x86_64-fedora-gcc | 0.0-3 | 30.22 | NOTE | |||
r-devel-windows-x86_64 | 0.0-3 | 2.00 | 40.00 | 42.00 | NOTE | |
r-patched-linux-x86_64 | 0.0-3 | 2.27 | 23.39 | 25.66 | NOTE | |
r-release-linux-x86_64 | 0.0-3 | 1.92 | 23.18 | 25.10 | NOTE | |
r-release-macos-arm64 | 0.0-3 | 16.00 | NOTE | |||
r-release-macos-x86_64 | 0.0-3 | 20.00 | NOTE | |||
r-release-windows-x86_64 | 0.0-3 | 3.00 | 41.00 | 44.00 | NOTE | |
r-oldrel-macos-arm64 | 0.0-3 | 17.00 | NOTE | |||
r-oldrel-macos-x86_64 | 0.0-3 | 22.00 | NOTE | |||
r-oldrel-windows-x86_64 | 0.0-3 | 3.00 | 43.00 | 46.00 | NOTE |
Version: 0.0-3
Check: LazyData
Result: NOTE
'LazyData' is specified without a 'data' directory
Flavors: r-devel-linux-x86_64-debian-clang, r-devel-linux-x86_64-debian-gcc, r-devel-linux-x86_64-fedora-clang, r-devel-linux-x86_64-fedora-gcc, r-devel-windows-x86_64, r-patched-linux-x86_64, r-release-linux-x86_64, r-release-macos-arm64, r-release-macos-x86_64, r-release-windows-x86_64, r-oldrel-macos-arm64, r-oldrel-macos-x86_64, r-oldrel-windows-x86_64
Version: 0.0-3
Check: Rd cross-references
Result: NOTE
Undeclared package ‘sets’ in Rd xrefs
Flavor: r-devel-linux-x86_64-fedora-clang