CRAN Package Check Results for Package assertive.models

Last updated on 2023-03-29 07:55:12 CEST.

Flavor Version Tinstall Tcheck Ttotal Status Flags
r-devel-linux-x86_64-debian-clang 0.0-2 2.06 23.58 25.64 NOTE
r-devel-linux-x86_64-debian-gcc 0.0-2 1.55 18.99 20.54 NOTE
r-devel-linux-x86_64-fedora-clang 0.0-2 32.68 NOTE
r-devel-linux-x86_64-fedora-gcc 0.0-2 31.30 NOTE
r-devel-windows-x86_64 0.0-2 21.00 0.00 21.00 NOTE
r-patched-linux-x86_64 0.0-2 1.51 23.24 24.75 NOTE
r-release-linux-x86_64 0.0-2 1.80 24.75 26.55 NOTE
r-release-macos-arm64 0.0-2 15.00 NOTE
r-release-macos-x86_64 0.0-2 21.00 NOTE
r-release-windows-x86_64 0.0-2 21.00 53.00 74.00 NOTE
r-oldrel-macos-arm64 0.0-2 20.00 NOTE
r-oldrel-macos-x86_64 0.0-2 31.00 NOTE
r-oldrel-windows-ix86+x86_64 0.0-2 4.00 50.00 54.00 NOTE

Check Details

Version: 0.0-2
Check: LazyData
Result: NOTE
     'LazyData' is specified without a 'data' directory
Flavors: r-devel-linux-x86_64-debian-clang, r-devel-linux-x86_64-debian-gcc, r-devel-linux-x86_64-fedora-clang, r-devel-linux-x86_64-fedora-gcc, r-devel-windows-x86_64, r-patched-linux-x86_64, r-release-linux-x86_64, r-release-macos-arm64, r-release-macos-x86_64, r-release-windows-x86_64, r-oldrel-macos-arm64, r-oldrel-macos-x86_64, r-oldrel-windows-ix86+x86_64