CRAN Package Check Results for Package assertive.matrices

Last updated on 2024-03-04 07:48:21 CET.

Flavor Version Tinstall Tcheck Ttotal Status Flags
r-devel-linux-x86_64-debian-clang 0.0-2 2.19 24.38 26.57 NOTE
r-devel-linux-x86_64-debian-gcc 0.0-2 1.56 19.51 21.07 NOTE
r-devel-linux-x86_64-fedora-clang 0.0-2 33.02 NOTE
r-devel-linux-x86_64-fedora-gcc 0.0-2 31.75 NOTE
r-devel-windows-x86_64 0.0-2 3.00 41.00 44.00 NOTE
r-patched-linux-x86_64 0.0-2 2.00 24.22 26.22 NOTE
r-release-linux-x86_64 0.0-2 2.22 24.40 26.62 NOTE
r-release-macos-arm64 0.0-2 16.00 NOTE
r-release-macos-x86_64 0.0-2 20.00 NOTE
r-release-windows-x86_64 0.0-2 2.00 42.00 44.00 NOTE
r-oldrel-macos-arm64 0.0-2 17.00 NOTE
r-oldrel-windows-x86_64 0.0-2 3.00 45.00 48.00 NOTE

Check Details

Version: 0.0-2
Check: LazyData
Result: NOTE 'LazyData' is specified without a 'data' directory Flavors: r-devel-linux-x86_64-debian-clang, r-devel-linux-x86_64-debian-gcc, r-devel-linux-x86_64-fedora-clang, r-devel-linux-x86_64-fedora-gcc, r-devel-windows-x86_64, r-patched-linux-x86_64, r-release-linux-x86_64, r-release-macos-arm64, r-release-macos-x86_64, r-release-windows-x86_64, r-oldrel-macos-arm64, r-oldrel-windows-x86_64