CRAN Package Check Results for Package assertive.matrices

Last updated on 2023-03-29 07:55:12 CEST.

Flavor Version Tinstall Tcheck Ttotal Status Flags
r-devel-linux-x86_64-debian-clang 0.0-2 2.23 24.86 27.09 NOTE
r-devel-linux-x86_64-debian-gcc 0.0-2 1.60 19.14 20.74 NOTE
r-devel-linux-x86_64-fedora-clang 0.0-2 34.04 NOTE
r-devel-linux-x86_64-fedora-gcc 0.0-2 32.18 NOTE
r-devel-windows-x86_64 0.0-2 26.00 0.00 26.00 NOTE
r-patched-linux-x86_64 0.0-2 2.13 23.71 25.84 NOTE
r-release-linux-x86_64 0.0-2 2.00 24.90 26.90 NOTE
r-release-macos-arm64 0.0-2 18.00 NOTE
r-release-macos-x86_64 0.0-2 23.00 NOTE
r-release-windows-x86_64 0.0-2 44.00 54.00 98.00 NOTE
r-oldrel-macos-arm64 0.0-2 18.00 NOTE
r-oldrel-macos-x86_64 0.0-2 27.00 NOTE
r-oldrel-windows-ix86+x86_64 0.0-2 5.00 50.00 55.00 NOTE

Check Details

Version: 0.0-2
Check: LazyData
Result: NOTE
     'LazyData' is specified without a 'data' directory
Flavors: r-devel-linux-x86_64-debian-clang, r-devel-linux-x86_64-debian-gcc, r-devel-linux-x86_64-fedora-clang, r-devel-linux-x86_64-fedora-gcc, r-devel-windows-x86_64, r-patched-linux-x86_64, r-release-linux-x86_64, r-release-macos-arm64, r-release-macos-x86_64, r-release-windows-x86_64, r-oldrel-macos-arm64, r-oldrel-macos-x86_64, r-oldrel-windows-ix86+x86_64