CRAN Package Check Results for Package assertive.datetimes

Last updated on 2023-03-30 06:53:08 CEST.

Flavor Version Tinstall Tcheck Ttotal Status Flags
r-devel-linux-x86_64-debian-clang 0.0-3 2.27 25.08 27.35 NOTE
r-devel-linux-x86_64-debian-gcc 0.0-3 1.57 19.58 21.15 NOTE
r-devel-linux-x86_64-fedora-clang 0.0-3 34.80 NOTE
r-devel-linux-x86_64-fedora-gcc 0.0-3 32.46 NOTE
r-devel-windows-x86_64 0.0-3 51.00 0.00 51.00 NOTE
r-patched-linux-x86_64 0.0-3 1.48 24.32 25.80 NOTE
r-release-linux-x86_64 0.0-3 1.56 26.23 27.79 NOTE
r-release-macos-arm64 0.0-3 16.00 NOTE
r-release-macos-x86_64 0.0-3 22.00 NOTE
r-release-windows-x86_64 0.0-3 25.00 53.00 78.00 NOTE
r-oldrel-macos-arm64 0.0-3 23.00 NOTE
r-oldrel-macos-x86_64 0.0-3 25.00 NOTE
r-oldrel-windows-ix86+x86_64 0.0-3 6.00 52.00 58.00 NOTE

Check Details

Version: 0.0-3
Check: LazyData
Result: NOTE
     'LazyData' is specified without a 'data' directory
Flavors: r-devel-linux-x86_64-debian-clang, r-devel-linux-x86_64-debian-gcc, r-devel-linux-x86_64-fedora-clang, r-devel-linux-x86_64-fedora-gcc, r-devel-windows-x86_64, r-patched-linux-x86_64, r-release-linux-x86_64, r-release-macos-arm64, r-release-macos-x86_64, r-release-windows-x86_64, r-oldrel-macos-arm64, r-oldrel-macos-x86_64, r-oldrel-windows-ix86+x86_64