Last updated on 2023-03-30 06:53:08 CEST.
Flavor | Version | Tinstall | Tcheck | Ttotal | Status | Flags |
---|---|---|---|---|---|---|
r-devel-linux-x86_64-debian-clang | 0.0-2 | 2.01 | 24.20 | 26.21 | NOTE | |
r-devel-linux-x86_64-debian-gcc | 0.0-2 | 1.25 | 19.33 | 20.58 | NOTE | |
r-devel-linux-x86_64-fedora-clang | 0.0-2 | 34.17 | NOTE | |||
r-devel-linux-x86_64-fedora-gcc | 0.0-2 | 32.41 | NOTE | |||
r-devel-windows-x86_64 | 0.0-2 | 25.00 | 0.00 | 25.00 | NOTE | |
r-patched-linux-x86_64 | 0.0-2 | 2.22 | 23.84 | 26.06 | NOTE | |
r-release-linux-x86_64 | 0.0-2 | 1.80 | 25.12 | 26.92 | NOTE | |
r-release-macos-arm64 | 0.0-2 | 17.00 | NOTE | |||
r-release-macos-x86_64 | 0.0-2 | 21.00 | NOTE | |||
r-release-windows-x86_64 | 0.0-2 | 25.00 | 52.00 | 77.00 | NOTE | |
r-oldrel-macos-arm64 | 0.0-2 | 21.00 | NOTE | |||
r-oldrel-macos-x86_64 | 0.0-2 | 23.00 | NOTE | |||
r-oldrel-windows-ix86+x86_64 | 0.0-2 | 5.00 | 51.00 | 56.00 | NOTE |
Version: 0.0-2
Check: LazyData
Result: NOTE
'LazyData' is specified without a 'data' directory
Flavors: r-devel-linux-x86_64-debian-clang, r-devel-linux-x86_64-debian-gcc, r-devel-linux-x86_64-fedora-clang, r-devel-linux-x86_64-fedora-gcc, r-devel-windows-x86_64, r-patched-linux-x86_64, r-release-linux-x86_64, r-release-macos-arm64, r-release-macos-x86_64, r-release-windows-x86_64, r-oldrel-macos-arm64, r-oldrel-macos-x86_64, r-oldrel-windows-ix86+x86_64