CRAN Package Check Results for Package assertive.data

Last updated on 2023-03-30 06:53:08 CEST.

Flavor Version Tinstall Tcheck Ttotal Status Flags
r-devel-linux-x86_64-debian-clang 0.0-3 2.04 27.30 29.34 NOTE
r-devel-linux-x86_64-debian-gcc 0.0-3 1.74 21.60 23.34 NOTE
r-devel-linux-x86_64-fedora-clang 0.0-3 38.50 NOTE
r-devel-linux-x86_64-fedora-gcc 0.0-3 36.87 NOTE
r-devel-windows-x86_64 0.0-3 20.00 0.00 20.00 NOTE
r-patched-linux-x86_64 0.0-3 2.82 26.91 29.73 NOTE
r-release-linux-x86_64 0.0-3 2.43 28.72 31.15 NOTE
r-release-macos-arm64 0.0-3 17.00 NOTE
r-release-macos-x86_64 0.0-3 24.00 NOTE
r-release-windows-x86_64 0.0-3 29.00 57.00 86.00 NOTE
r-oldrel-macos-arm64 0.0-3 26.00 NOTE
r-oldrel-macos-x86_64 0.0-3 25.00 NOTE
r-oldrel-windows-ix86+x86_64 0.0-3 6.00 53.00 59.00 NOTE

Check Details

Version: 0.0-3
Check: LazyData
Result: NOTE
     'LazyData' is specified without a 'data' directory
Flavors: r-devel-linux-x86_64-debian-clang, r-devel-linux-x86_64-debian-gcc, r-devel-linux-x86_64-fedora-clang, r-devel-linux-x86_64-fedora-gcc, r-devel-windows-x86_64, r-patched-linux-x86_64, r-release-linux-x86_64, r-release-macos-arm64, r-release-macos-x86_64, r-release-windows-x86_64, r-oldrel-macos-arm64, r-oldrel-macos-x86_64, r-oldrel-windows-ix86+x86_64