Last updated on 2023-03-30 06:53:08 CEST.
Flavor | Version | Tinstall | Tcheck | Ttotal | Status | Flags |
---|---|---|---|---|---|---|
r-devel-linux-x86_64-debian-clang | 0.0-3 | 1.95 | 26.87 | 28.82 | NOTE | |
r-devel-linux-x86_64-debian-gcc | 0.0-3 | 1.57 | 21.06 | 22.63 | NOTE | |
r-devel-linux-x86_64-fedora-clang | 0.0-3 | 37.54 | NOTE | |||
r-devel-linux-x86_64-fedora-gcc | 0.0-3 | 35.30 | NOTE | |||
r-devel-windows-x86_64 | 0.0-3 | 37.00 | 0.00 | 37.00 | NOTE | |
r-patched-linux-x86_64 | 0.0-3 | 2.73 | 26.28 | 29.01 | NOTE | |
r-release-linux-x86_64 | 0.0-3 | 2.37 | 28.52 | 30.89 | NOTE | |
r-release-macos-arm64 | 0.0-3 | 17.00 | NOTE | |||
r-release-macos-x86_64 | 0.0-3 | 23.00 | NOTE | |||
r-release-windows-x86_64 | 0.0-3 | 31.00 | 57.00 | 88.00 | NOTE | |
r-oldrel-macos-arm64 | 0.0-3 | 22.00 | NOTE | |||
r-oldrel-macos-x86_64 | 0.0-3 | 25.00 | NOTE | |||
r-oldrel-windows-ix86+x86_64 | 0.0-3 | 7.00 | 53.00 | 60.00 | NOTE |
Version: 0.0-3
Check: LazyData
Result: NOTE
'LazyData' is specified without a 'data' directory
Flavors: r-devel-linux-x86_64-debian-clang, r-devel-linux-x86_64-debian-gcc, r-devel-linux-x86_64-fedora-clang, r-devel-linux-x86_64-fedora-gcc, r-devel-windows-x86_64, r-patched-linux-x86_64, r-release-linux-x86_64, r-release-macos-arm64, r-release-macos-x86_64, r-release-windows-x86_64, r-oldrel-macos-arm64, r-oldrel-macos-x86_64, r-oldrel-windows-ix86+x86_64