Last updated on 2023-09-30 08:00:22 CEST.
Flavor | Version | Tinstall | Tcheck | Ttotal | Status | Flags |
---|---|---|---|---|---|---|
r-devel-linux-x86_64-debian-clang | 2.4 | 17.44 | 118.92 | 136.36 | NOTE | |
r-devel-linux-x86_64-debian-gcc | 2.4 | 14.55 | 87.96 | 102.51 | NOTE | |
r-devel-linux-x86_64-fedora-clang | 2.4 | 166.98 | NOTE | |||
r-devel-linux-x86_64-fedora-gcc | 2.4 | 174.26 | NOTE | |||
r-devel-windows-x86_64 | 2.4 | 17.00 | 106.00 | 123.00 | NOTE | |
r-patched-linux-x86_64 | 2.4 | 19.91 | 118.13 | 138.04 | OK | |
r-release-linux-x86_64 | 2.4 | 17.81 | 115.88 | 133.69 | OK | |
r-release-macos-arm64 | 2.4 | 44.00 | OK | |||
r-release-macos-x86_64 | 2.4 | 78.00 | OK | |||
r-release-windows-x86_64 | 2.4 | 22.00 | 129.00 | 151.00 | OK | |
r-oldrel-macos-arm64 | 2.4 | 46.00 | OK | |||
r-oldrel-macos-x86_64 | 2.4 | 61.00 | OK | |||
r-oldrel-windows-x86_64 | 2.4 | 23.00 | 117.00 | 140.00 | OK |
Version: 2.4
Check: Rd \usage sections
Result: NOTE
Documented arguments not in \usage in documentation object 'RweaveAsciiSetup':
‘stylepath’
Documented arguments not in \usage in documentation object 'RweaveOrg':
‘stylepath’
Documented arguments not in \usage in documentation object 'RweavePandoc':
‘stylepath’
Documented arguments not in \usage in documentation object 'RweaveReST':
‘stylepath’
Documented arguments not in \usage in documentation object 'RweaveT2t':
‘stylepath’
Documented arguments not in \usage in documentation object 'RweaveTextile':
‘stylepath’
Functions with \usage entries need to have the appropriate \alias
entries, and all their arguments documented.
The \usage entries must correspond to syntactically valid R code.
See chapter ‘Writing R documentation files’ in the ‘Writing R
Extensions’ manual.
Flavors: r-devel-linux-x86_64-debian-clang, r-devel-linux-x86_64-debian-gcc, r-devel-linux-x86_64-fedora-clang, r-devel-linux-x86_64-fedora-gcc, r-devel-windows-x86_64