Last updated on 2023-01-29 07:55:56 CET.
Flavor | Version | Tinstall | Tcheck | Ttotal | Status | Flags |
---|---|---|---|---|---|---|
r-devel-linux-x86_64-debian-clang | 1.5-1 | 16.70 | 181.58 | 198.28 | OK | |
r-devel-linux-x86_64-debian-gcc | 1.5-1 | 14.86 | 131.44 | 146.30 | OK | |
r-devel-linux-x86_64-fedora-clang | 1.5-1 | 255.83 | OK | |||
r-devel-linux-x86_64-fedora-gcc | 1.5-1 | 246.85 | OK | |||
r-devel-windows-x86_64 | 1.5-1 | 32.00 | 224.00 | 256.00 | OK | |
r-patched-linux-x86_64 | 1.5-1 | 19.66 | 172.06 | 191.72 | OK | |
r-release-linux-x86_64 | 1.5-1 | 12.55 | 179.37 | 191.92 | OK | |
r-release-macos-arm64 | 1.5-1 | 64.00 | NOTE | |||
r-release-macos-x86_64 | 1.5-1 | 117.00 | OK | |||
r-release-windows-x86_64 | 1.5-1 | 39.00 | 217.00 | 256.00 | OK | |
r-oldrel-macos-arm64 | 1.5-1 | 99.00 | OK | |||
r-oldrel-macos-x86_64 | 1.5-1 | 91.00 | OK | |||
r-oldrel-windows-ix86+x86_64 | 1.5-1 | 37.00 | 199.00 | 236.00 | OK |
Version: 1.5-1
Check: package dependencies
Result: NOTE
Packages suggested but not available for checking: 'graph', 'Rgraphviz'
Flavor: r-release-macos-arm64