CRAN Package Check Results for Package arrayhelpers

Last updated on 2023-12-03 08:50:00 CET.

Flavor Version Tinstall Tcheck Ttotal Status Flags
r-devel-linux-x86_64-debian-clang 1.1-0 3.55 31.67 35.22 NOTE
r-devel-linux-x86_64-debian-gcc 1.1-0 2.61 25.03 27.64 NOTE
r-devel-linux-x86_64-fedora-clang 1.1-0 45.46 NOTE
r-devel-linux-x86_64-fedora-gcc 1.1-0 43.25 NOTE
r-devel-windows-x86_64 1.1-0 4.00 53.00 57.00 NOTE
r-patched-linux-x86_64 1.1-0 3.41 31.60 35.01 NOTE
r-release-linux-x86_64 1.1-0 3.45 31.86 35.31 NOTE
r-release-macos-arm64 1.1-0 19.00 NOTE
r-release-macos-x86_64 1.1-0 26.00 NOTE
r-release-windows-x86_64 1.1-0 5.00 54.00 59.00 NOTE
r-oldrel-macos-arm64 1.1-0 19.00 NOTE
r-oldrel-macos-x86_64 1.1-0 26.00 NOTE
r-oldrel-windows-x86_64 1.1-0 5.00 56.00 61.00 NOTE

Check Details

Version: 1.1-0
Check: LazyData
Result: NOTE 'LazyData' is specified without a 'data' directory Flavors: r-devel-linux-x86_64-debian-clang, r-devel-linux-x86_64-debian-gcc, r-devel-linux-x86_64-fedora-clang, r-devel-linux-x86_64-fedora-gcc, r-devel-windows-x86_64, r-patched-linux-x86_64, r-release-linux-x86_64, r-release-macos-arm64, r-release-macos-x86_64, r-release-windows-x86_64, r-oldrel-macos-arm64, r-oldrel-macos-x86_64, r-oldrel-windows-x86_64