CRAN Package Check Results for Package arrayhelpers

Last updated on 2023-03-30 06:53:08 CEST.

Flavor Version Tinstall Tcheck Ttotal Status Flags
r-devel-linux-x86_64-debian-clang 1.1-0 3.38 31.96 35.34 NOTE
r-devel-linux-x86_64-debian-gcc 1.1-0 2.09 25.45 27.54 NOTE
r-devel-linux-x86_64-fedora-clang 1.1-0 45.57 NOTE
r-devel-linux-x86_64-fedora-gcc 1.1-0 42.59 NOTE
r-devel-windows-x86_64 1.1-0 45.00 0.00 45.00 NOTE
r-patched-linux-x86_64 1.1-0 3.86 31.26 35.12 NOTE
r-release-linux-x86_64 1.1-0 2.50 31.66 34.16 NOTE
r-release-macos-arm64 1.1-0 21.00 NOTE
r-release-macos-x86_64 1.1-0 26.00 NOTE
r-release-windows-x86_64 1.1-0 38.00 67.00 105.00 NOTE
r-oldrel-macos-arm64 1.1-0 23.00 NOTE
r-oldrel-macos-x86_64 1.1-0 36.00 NOTE
r-oldrel-windows-ix86+x86_64 1.1-0 8.00 59.00 67.00 NOTE

Check Details

Version: 1.1-0
Check: LazyData
Result: NOTE
     'LazyData' is specified without a 'data' directory
Flavors: r-devel-linux-x86_64-debian-clang, r-devel-linux-x86_64-debian-gcc, r-devel-linux-x86_64-fedora-clang, r-devel-linux-x86_64-fedora-gcc, r-devel-windows-x86_64, r-patched-linux-x86_64, r-release-linux-x86_64, r-release-macos-arm64, r-release-macos-x86_64, r-release-windows-x86_64, r-oldrel-macos-arm64, r-oldrel-macos-x86_64, r-oldrel-windows-ix86+x86_64