Last updated on 2023-01-31 07:54:03 CET.
Flavor | Version | Tinstall | Tcheck | Ttotal | Status | Flags |
---|---|---|---|---|---|---|
r-devel-linux-x86_64-debian-clang | 2.2 | 36.86 | 28.82 | 65.68 | OK | |
r-devel-linux-x86_64-debian-gcc | 2.2 | 32.06 | 22.40 | 54.46 | NOTE | |
r-devel-linux-x86_64-fedora-clang | 2.2 | 96.37 | NOTE | |||
r-devel-linux-x86_64-fedora-gcc | 2.2 | 88.09 | NOTE | |||
r-devel-windows-x86_64 | 2.2 | 42.00 | 77.00 | 119.00 | NOTE | |
r-patched-linux-x86_64 | 2.2 | 35.13 | 28.54 | 63.67 | OK | |
r-release-linux-x86_64 | 2.2 | 34.09 | 29.04 | 63.13 | OK | |
r-release-macos-arm64 | 2.2 | 26.00 | OK | |||
r-release-macos-x86_64 | 2.2 | 37.00 | OK | |||
r-release-windows-x86_64 | 2.2 | 38.00 | 85.00 | 123.00 | OK | |
r-oldrel-macos-arm64 | 2.2 | 29.00 | OK | |||
r-oldrel-macos-x86_64 | 2.2 | 41.00 | OK | |||
r-oldrel-windows-ix86+x86_64 | 2.2 | 92.00 | 82.00 | 174.00 | OK |
Version: 2.2
Check: C++ specification
Result: NOTE
Specified C++11: please update to current default of C++17
Flavors: r-devel-linux-x86_64-debian-gcc, r-devel-linux-x86_64-fedora-clang, r-devel-linux-x86_64-fedora-gcc, r-devel-windows-x86_64