Last updated on 2023-02-05 07:57:12 CET.
Flavor | Version | Tinstall | Tcheck | Ttotal | Status | Flags |
---|---|---|---|---|---|---|
r-devel-linux-x86_64-debian-clang | 1.7.0 | 14.11 | 87.66 | 101.77 | OK | |
r-devel-linux-x86_64-debian-gcc | 1.7.0 | 11.41 | 65.71 | 77.12 | OK | |
r-devel-linux-x86_64-fedora-clang | 1.7.0 | 133.82 | OK | |||
r-devel-linux-x86_64-fedora-gcc | 1.7.0 | 123.17 | OK | |||
r-devel-windows-x86_64 | 1.7.0 | 154.00 | 136.00 | 290.00 | OK | |
r-patched-linux-x86_64 | 1.7.0 | 13.61 | 86.01 | 99.62 | OK | |
r-release-linux-x86_64 | 1.7.0 | 11.30 | 88.03 | 99.33 | OK | |
r-release-macos-arm64 | 1.7.0 | 39.00 | OK | |||
r-release-macos-x86_64 | 1.7.0 | 50.00 | OK | |||
r-release-windows-x86_64 | 1.7.0 | 181.00 | 126.00 | 307.00 | OK | |
r-oldrel-macos-arm64 | 1.7.0 | 33.00 | NOTE | |||
r-oldrel-macos-x86_64 | 1.7.0 | 50.00 | OK | |||
r-oldrel-windows-ix86+x86_64 | 1.7.0 | 26.00 | 118.00 | 144.00 | OK |
Version: 1.7.0
Check: package dependencies
Result: NOTE
Package suggested but not available for checking: ‘GLAD’
Flavor: r-oldrel-macos-arm64