CRAN Package Check Results for Package armada

Last updated on 2022-11-30 07:54:22 CET.

Flavor Version Tinstall Tcheck Ttotal Status Flags
r-devel-linux-x86_64-debian-clang 0.1.0 20.23 205.40 225.63 OK
r-devel-linux-x86_64-debian-gcc 0.1.0 16.15 155.59 171.74 OK
r-devel-linux-x86_64-fedora-clang 0.1.0 292.62 NOTE
r-devel-linux-x86_64-fedora-gcc 0.1.0 287.26 NOTE
r-devel-windows-x86_64 0.1.0 26.00 224.00 250.00 OK
r-patched-linux-x86_64 0.1.0 20.67 200.77 221.44 OK
r-release-linux-x86_64 0.1.0 17.00 198.88 215.88 OK
r-release-macos-arm64 0.1.0 72.00 NOTE
r-release-macos-x86_64 0.1.0 104.00 NOTE
r-release-windows-x86_64 0.1.0 28.00 235.00 263.00 OK
r-oldrel-macos-arm64 0.1.0 107.00 NOTE
r-oldrel-macos-x86_64 0.1.0 258.00 NOTE
r-oldrel-windows-ix86+x86_64 0.1.0 46.00 223.00 269.00 OK

Check Details

Version: 0.1.0
Check: dependencies in R code
Result: NOTE
    Namespace in Imports field not imported from: ‘mvtnorm’
     All declared Imports should be used.
Flavors: r-devel-linux-x86_64-fedora-clang, r-devel-linux-x86_64-fedora-gcc, r-release-macos-arm64, r-release-macos-x86_64, r-oldrel-macos-arm64, r-oldrel-macos-x86_64