Last updated on 2023-11-28 07:52:55 CET.
Flavor | Version | Tinstall | Tcheck | Ttotal | Status | Flags |
---|---|---|---|---|---|---|
r-devel-linux-x86_64-debian-clang | 0.1.0 | 18.77 | 189.66 | 208.43 | OK | |
r-devel-linux-x86_64-debian-gcc | 0.1.0 | 16.00 | 144.66 | 160.66 | OK | |
r-devel-linux-x86_64-fedora-clang | 0.1.0 | 272.20 | NOTE | |||
r-devel-linux-x86_64-fedora-gcc | 0.1.0 | 250.02 | NOTE | |||
r-devel-windows-x86_64 | 0.1.0 | 18.00 | 148.00 | 166.00 | OK | |
r-patched-linux-x86_64 | 0.1.0 | 17.15 | 185.64 | 202.79 | OK | |
r-release-linux-x86_64 | 0.1.0 | 16.47 | 182.83 | 199.30 | OK | |
r-release-macos-arm64 | 0.1.0 | 70.00 | OK | |||
r-release-macos-x86_64 | 0.1.0 | 125.00 | OK | |||
r-release-windows-x86_64 | 0.1.0 | 23.00 | 180.00 | 203.00 | OK | |
r-oldrel-macos-arm64 | 0.1.0 | 72.00 | NOTE | |||
r-oldrel-macos-x86_64 | 0.1.0 | 104.00 | NOTE | |||
r-oldrel-windows-x86_64 | 0.1.0 | 23.00 | 184.00 | 207.00 | OK |
Version: 0.1.0
Check: dependencies in R code
Result: NOTE
Namespace in Imports field not imported from: ‘mvtnorm’
All declared Imports should be used.
Flavors: r-devel-linux-x86_64-fedora-clang, r-devel-linux-x86_64-fedora-gcc, r-oldrel-macos-arm64, r-oldrel-macos-x86_64